############################################################################## ############################################################################## ### ### Running command: ### ### /home/biocbuild/R/R/bin/R CMD build --keep-empty-dirs --no-resave-data MatrixQCvis ### ############################################################################## ############################################################################## * checking for file ‘MatrixQCvis/DESCRIPTION’ ... OK * preparing ‘MatrixQCvis’: * checking DESCRIPTION meta-information ... OK * installing the package to build vignettes * creating vignettes ... ERROR --- re-building ‘MatrixQCvis.Rmd’ using rmarkdown Quitting from MatrixQCvis.Rmd:268-271 [hist_sample] ~~~~~~~~~~~~~~~~~~~~~~~~~~~~~~~~~~~~~~~~~~~~~~~~~~~~~~~~~~~~~~~~~~~~~~~~~~~~~~~~ Error in `pm[[2]]`: ! subscript out of bounds --- Backtrace: ▆ 1. ├─plotly::partial_bundle(hist_sample(tbl, category = "type")) 2. │ └─plotly:::is.plotly(p) 3. └─MatrixQCvis::hist_sample(tbl, category = "type") 4. ├─plotly::ggplotly(p = p, tooltip = c("x", "y")) 5. └─plotly:::ggplotly.ggplot(p = p, tooltip = c("x", "y")) 6. └─plotly::gg2list(...) ~~~~~~~~~~~~~~~~~~~~~~~~~~~~~~~~~~~~~~~~~~~~~~~~~~~~~~~~~~~~~~~~~~~~~~~~~~~~~~~~ Error: processing vignette 'MatrixQCvis.Rmd' failed with diagnostics: subscript out of bounds --- failed re-building ‘MatrixQCvis.Rmd’ SUMMARY: processing the following file failed: ‘MatrixQCvis.Rmd’ Error: Vignette re-building failed. Execution halted