############################################################################## ############################################################################## ### ### Running command: ### ### /Library/Frameworks/R.framework/Resources/bin/R CMD build --keep-empty-dirs --no-resave-data MSstatsBioNet ### ############################################################################## ############################################################################## * checking for file ‘MSstatsBioNet/DESCRIPTION’ ... OK * preparing ‘MSstatsBioNet’: * checking DESCRIPTION meta-information ... OK * installing the package to build vignettes * creating vignettes ... ERROR --- re-building ‘MSstatsBioNet.Rmd’ using rmarkdown Quitting from MSstatsBioNet.Rmd:108-112 [unnamed-chunk-7] ~~~~~~~~~~~~~~~~~~~~~~~~~~~~~~~~~~~~~~~~~~~~~~~~~~~~~~~~~~~~~~~~~~~~~~~~~~~~~~~~ Error in `statement$data`: ! $ operator is invalid for atomic vectors --- Backtrace: ▆ 1. └─MSstatsBioNet::getSubnetworkFromIndra(annotated_df, pvalueCutoff = 0.05) 2. └─MSstatsBioNet:::.filterIndraResponse(...) 3. └─base::Filter(...) 4. ├─base::unlist(lapply(x, f)) 5. └─base::lapply(x, f) 6. └─MSstatsBioNet (local) FUN(X[[i]], ...) 7. └─statement$data$stmt_type %in% interaction_types ~~~~~~~~~~~~~~~~~~~~~~~~~~~~~~~~~~~~~~~~~~~~~~~~~~~~~~~~~~~~~~~~~~~~~~~~~~~~~~~~ Error: processing vignette 'MSstatsBioNet.Rmd' failed with diagnostics: $ operator is invalid for atomic vectors --- failed re-building ‘MSstatsBioNet.Rmd’ SUMMARY: processing the following file failed: ‘MSstatsBioNet.Rmd’ Error: Vignette re-building failed. Execution halted