############################################################################## ############################################################################## ### ### Running command: ### ### /home/biocbuild/R/R/bin/R CMD build --keep-empty-dirs --no-resave-data GEOquery ### ############################################################################## ############################################################################## * checking for file ‘GEOquery/DESCRIPTION’ ... OK * preparing ‘GEOquery’: * checking DESCRIPTION meta-information ... OK * installing the package to build vignettes * creating vignettes ... ERROR --- re-building ‘GEOquery.Rmd’ using rmarkdown Quitting from GEOquery.Rmd:134-139 [unnamed-chunk-6] ~~~~~~~~~~~~~~~~~~~~~~~~~~~~~~~~~~~~~~~~~~~~~~~~~~~~~~~~~~~~~~~~~~~~~~~~~~~~~~~~ NULL ~~~~~~~~~~~~~~~~~~~~~~~~~~~~~~~~~~~~~~~~~~~~~~~~~~~~~~~~~~~~~~~~~~~~~~~~~~~~~~~~ Error: processing vignette 'GEOquery.Rmd' failed with diagnostics: Failed to perform HTTP request. Caused by error in `curl::curl_fetch_memory()`: ! Timeout was reached [ftp.ncbi.nlm.nih.gov]: Operation too slow. Less than 1 bytes/sec transferred the last 600 seconds --- failed re-building ‘GEOquery.Rmd’ SUMMARY: processing the following file failed: ‘GEOquery.Rmd’ Error: Vignette re-building failed. Execution halted