############################################################################## ############################################################################## ### ### Running command: ### ### /home/biocbuild/R/R/bin/R CMD build --keep-empty-dirs --no-resave-data ADAPT ### ############################################################################## ############################################################################## * checking for file ‘ADAPT/DESCRIPTION’ ... OK * preparing ‘ADAPT’: * checking DESCRIPTION meta-information ... OK * cleaning src * installing the package to build vignettes * creating vignettes ... ERROR --- re-building ‘ADAPT-manual.Rmd’ using rmarkdown *** caught segfault *** address 0x211000002, cause 'memory not mapped' *** caught bus error *** address 0x5131006109, cause 'invalid alignment'