############################################################################## ############################################################################## ### ### Running command: ### ### /Library/Frameworks/R.framework/Resources/bin/R CMD build --keep-empty-dirs --no-resave-data fluentGenomics ### ############################################################################## ############################################################################## * checking for file ‘fluentGenomics/DESCRIPTION’ ... OK * preparing ‘fluentGenomics’: * checking DESCRIPTION meta-information ... OK * installing the package to build vignettes * creating vignettes ... ERROR --- re-building ‘fluentGenomics.Rmd’ using rmarkdown Quitting from fluentGenomics.Rmd:742-758 [line-chart] ~~~~~~~~~~~~~~~~~~~~~~~~~~~~~~~~~~~~~~~~~~~~~~~~~~~~~~~~~~~~~~~~~~~~~~~~~~~~~~~~ Error: ! vector memory limit of 64.0 Gb reached, see mem.maxVSize() --- Backtrace: ▆ 1. ├─... %>% select(-var) 2. ├─dplyr::select(., -var) 3. ├─tidyr::pivot_longer(...) 4. └─tidyr:::pivot_longer.data.frame(...) 5. └─tidyr::build_longer_spec(...) 6. └─tidyr:::str_separate(names, names_to, sep = names_sep, error_call = error_call) 7. └─tidyr:::str_split_fixed(...) 8. └─tidyr:::simplifyPieces(pieces, n, fill == "left") ~~~~~~~~~~~~~~~~~~~~~~~~~~~~~~~~~~~~~~~~~~~~~~~~~~~~~~~~~~~~~~~~~~~~~~~~~~~~~~~~ Error: processing vignette 'fluentGenomics.Rmd' failed with diagnostics: vector memory limit of 64.0 Gb reached, see mem.maxVSize() --- failed re-building ‘fluentGenomics.Rmd’ SUMMARY: processing the following file failed: ‘fluentGenomics.Rmd’ Error: Vignette re-building failed. Execution halted