| Back to Multiple platform build/check report for BioC 3.19: simplified long |
|
This page was generated on 2024-06-28 17:47 -0400 (Fri, 28 Jun 2024).
| Hostname | OS | Arch (*) | R version | Installed pkgs |
|---|---|---|---|---|
| nebbiolo1 | Linux (Ubuntu 22.04.3 LTS) | x86_64 | 4.4.0 (2024-04-24) -- "Puppy Cup" | 4760 |
| palomino3 | Windows Server 2022 Datacenter | x64 | 4.4.0 (2024-04-24 ucrt) -- "Puppy Cup" | 4494 |
| merida1 | macOS 12.7.4 Monterey | x86_64 | 4.4.0 (2024-04-24) -- "Puppy Cup" | 4508 |
| kjohnson1 | macOS 13.6.6 Ventura | arm64 | 4.4.0 (2024-04-24) -- "Puppy Cup" | 4466 |
| palomino7 | Windows Server 2022 Datacenter | x64 | 4.4.1 (2024-06-14 ucrt) -- "Race for Your Life" | 4362 |
| Click on any hostname to see more info about the system (e.g. compilers) (*) as reported by 'uname -p', except on Windows and Mac OS X | ||||
| Package 1527/2300 | Hostname | OS / Arch | INSTALL | BUILD | CHECK | BUILD BIN | ||||||||
| paxtoolsr 1.38.0 (landing page) Augustin Luna
| nebbiolo1 | Linux (Ubuntu 22.04.3 LTS) / x86_64 | OK | OK | OK | |||||||||
| palomino3 | Windows Server 2022 Datacenter / x64 | OK | OK | ERROR | OK | |||||||||
| merida1 | macOS 12.7.4 Monterey / x86_64 | OK | OK | ERROR | OK | |||||||||
| kjohnson1 | macOS 13.6.6 Ventura / arm64 | OK | OK | ERROR | OK | |||||||||
| palomino7 | Windows Server 2022 Datacenter / x64 | OK | OK | ERROR | OK | |||||||||
|
To the developers/maintainers of the paxtoolsr package: - Allow up to 24 hours (and sometimes 48 hours) for your latest push to git@git.bioconductor.org:packages/paxtoolsr.git to reflect on this report. See Troubleshooting Build Report for more information. - Use the following Renviron settings to reproduce errors and warnings. - If 'R CMD check' started to fail recently on the Linux builder(s) over a missing dependency, add the missing dependency to 'Suggests:' in your DESCRIPTION file. See Renviron.bioc for more information. |
| Package: paxtoolsr |
| Version: 1.38.0 |
| Command: F:\biocbuild\bbs-3.19-bioc\R\bin\R.exe CMD check --no-multiarch --install=check:paxtoolsr.install-out.txt --library=F:\biocbuild\bbs-3.19-bioc\R\library --no-vignettes --timings paxtoolsr_1.38.0.tar.gz |
| StartedAt: 2024-06-27 04:00:05 -0400 (Thu, 27 Jun 2024) |
| EndedAt: 2024-06-27 04:02:44 -0400 (Thu, 27 Jun 2024) |
| EllapsedTime: 159.3 seconds |
| RetCode: 1 |
| Status: ERROR |
| CheckDir: paxtoolsr.Rcheck |
| Warnings: NA |
##############################################################################
##############################################################################
###
### Running command:
###
### F:\biocbuild\bbs-3.19-bioc\R\bin\R.exe CMD check --no-multiarch --install=check:paxtoolsr.install-out.txt --library=F:\biocbuild\bbs-3.19-bioc\R\library --no-vignettes --timings paxtoolsr_1.38.0.tar.gz
###
##############################################################################
##############################################################################
* using log directory 'F:/biocbuild/bbs-3.19-bioc/meat/paxtoolsr.Rcheck'
* using R version 4.4.1 (2024-06-14 ucrt)
* using platform: x86_64-w64-mingw32
* R was compiled by
gcc.exe (GCC) 13.2.0
GNU Fortran (GCC) 13.2.0
* running under: Windows Server 2022 x64 (build 20348)
* using session charset: UTF-8
* using option '--no-vignettes'
* checking for file 'paxtoolsr/DESCRIPTION' ... OK
* checking extension type ... Package
* this is package 'paxtoolsr' version '1.38.0'
* package encoding: UTF-8
* checking package namespace information ... OK
* checking package dependencies ... OK
* checking if this is a source package ... OK
* checking if there is a namespace ... OK
* checking for hidden files and directories ... OK
* checking for portable file names ... OK
* checking whether package 'paxtoolsr' can be installed ... OK
* checking installed package size ... NOTE
installed size is 32.1Mb
sub-directories of 1Mb or more:
extdata 7.3Mb
java 24.5Mb
* checking package directory ... OK
* checking 'build' directory ... OK
* checking DESCRIPTION meta-information ... OK
* checking top-level files ... OK
* checking for left-over files ... OK
* checking index information ... OK
* checking package subdirectories ... OK
* checking code files for non-ASCII characters ... OK
* checking R files for syntax errors ... OK
* checking whether the package can be loaded ... OK
* checking whether the package can be loaded with stated dependencies ... OK
* checking whether the package can be unloaded cleanly ... OK
* checking whether the namespace can be loaded with stated dependencies ... OK
* checking whether the namespace can be unloaded cleanly ... OK
* checking whether startup messages can be suppressed ... OK
* checking dependencies in R code ... OK
* checking S3 generic/method consistency ... OK
* checking replacement functions ... OK
* checking foreign function calls ... OK
* checking R code for possible problems ... NOTE
splitSifnxByPathway: no visible global function definition for
'%dopar%'
Undefined global functions or variables:
%dopar%
* checking Rd files ... OK
* checking Rd metadata ... OK
* checking Rd cross-references ... OK
* checking for missing documentation entries ... OK
* checking for code/documentation mismatches ... OK
* checking Rd \usage sections ... OK
* checking Rd contents ... OK
* checking for unstated dependencies in examples ... OK
* checking files in 'vignettes' ... OK
* checking examples ... ERROR
Running examples in 'paxtoolsr-Ex.R' failed
The error most likely occurred in:
> base::assign(".ptime", proc.time(), pos = "CheckExEnv")
> ### Name: toSBGN
> ### Title: Convert a BioPAX OWL file to SBGNML
> ### Aliases: toSBGN
>
> ### ** Examples
>
> outFile <- tempfile()
> results <- toSBGN(system.file("extdata", "biopax3-short-metabolic-pathway.owl",
+ package="paxtoolsr"),
+ outFile)
SBGN-PD Layout is running...
success ratio: 0.7857142857142857
enhanced ratio: 0.7857142857142857
Total execution time: 52 miliseconds.
Error in toSBGN(system.file("extdata", "biopax3-short-metabolic-pathway.owl", :
java.lang.ExceptionInInitializerError
Calls: toSBGN -> .jcheck
Execution halted
* checking for unstated dependencies in 'tests' ... OK
* checking tests ...
Running 'testthat.R'
ERROR
Running the tests in 'tests/testthat.R' failed.
Last 13 lines of output:
'test_pathwayCommons.R:63:5', 'test_pathwayCommons.R:77:5',
'test_pathwayCommons.R:131:5', 'test_pathwayCommons.R:169:5',
'test_pathwayCommons.R:185:5', 'test_pathwayCommons.R:260:5'
• empty test (3): 'test_pathwayCommons.R:266:1', 'test_pathwayCommons.R:285:1',
'test_pathwayCommons.R:286:1'
══ Failed tests ════════════════════════════════════════════════════════════════
── Error ('test_paxtools.R:73:5'): toSBGN ──────────────────────────────────────
<ExceptionInInitializerError/LinkageError/Error/Throwable/Object/Exception/error/condition>
Error in `toSBGN(system.file("extdata", "biopax3-short-metabolic-pathway.owl",
package = "paxtoolsr"), outFile)`: java.lang.ExceptionInInitializerError
[ FAIL 1 | WARN 1 | SKIP 10 | PASS 39 ]
Error: Test failures
Execution halted
* checking for unstated dependencies in vignettes ... OK
* checking package vignettes ... OK
* checking running R code from vignettes ... SKIPPED
* checking re-building of vignette outputs ... SKIPPED
* checking PDF version of manual ... OK
* DONE
Status: 2 ERRORs, 2 NOTEs
See
'F:/biocbuild/bbs-3.19-bioc/meat/paxtoolsr.Rcheck/00check.log'
for details.
paxtoolsr.Rcheck/00install.out
############################################################################## ############################################################################## ### ### Running command: ### ### F:\biocbuild\bbs-3.19-bioc\R\bin\R.exe CMD INSTALL paxtoolsr ### ############################################################################## ############################################################################## * installing to library 'F:/biocbuild/bbs-3.19-bioc/R/library' * installing *source* package 'paxtoolsr' ... ** using staged installation ** R ** inst ** byte-compile and prepare package for lazy loading ** help *** installing help indices ** building package indices ** installing vignettes ** testing if installed package can be loaded from temporary location ** testing if installed package can be loaded from final location ** testing if installed package keeps a record of temporary installation path * DONE (paxtoolsr)
paxtoolsr.Rcheck/tests/testthat.Rout.fail
R version 4.4.1 (2024-06-14 ucrt) -- "Race for Your Life"
Copyright (C) 2024 The R Foundation for Statistical Computing
Platform: x86_64-w64-mingw32/x64
R is free software and comes with ABSOLUTELY NO WARRANTY.
You are welcome to redistribute it under certain conditions.
Type 'license()' or 'licence()' for distribution details.
R is a collaborative project with many contributors.
Type 'contributors()' for more information and
'citation()' on how to cite R or R packages in publications.
Type 'demo()' for some demos, 'help()' for on-line help, or
'help.start()' for an HTML browser interface to help.
Type 'q()' to quit R.
> library(testthat)
> library(paxtoolsr)
Loading required package: rJava
Loading required package: XML
Consider citing this package: Luna A, et al. PaxtoolsR: pathway analysis in R using Pathway Commons. PMID: 26685306; citation("paxtoolsr")
>
> test_check("paxtoolsr")
URL: http://www.pathwaycommons.org/pc2/get?uri=http%3A%2F%2Fidentifiers.org%2Funiprot%2FQ06609&uri=http%3A%2F%2Fidentifiers.org%2Funiprot%2FQ96EB6&format=BIOPAX
2024-06-27 04:02:26,857 736 [main] INFO org.biopax.paxtools.PaxtoolsMain - Collecting proteins for a pathway, the converter will also consider its sub-pathways, their sub-pathways, etc.
2024-06-27 04:02:26,888 767 [pool-1-thread-1] INFO org.biopax.paxtools.io.gsea.GSEAConverter - Begin converting Glycolysis Pathway pathway, uri=http://www.biopax.org/examples/myExamplePathway50
2024-06-27 04:02:26,904 783 [pool-1-thread-1] INFO org.biopax.paxtools.io.gsea.GSEAConverter - - fetched PRs: 2
2024-06-27 04:02:26,904 783 [pool-1-thread-1] INFO org.biopax.paxtools.io.gsea.GSEAConverter - - grouping the PRs by organism...
2024-06-27 04:02:26,951 830 [pool-1-thread-1] INFO org.biopax.paxtools.io.gsea.GSEAConverter - - creating GSEA/GMT entries...
2024-06-27 04:02:26,951 830 [pool-2-thread-1] INFO org.biopax.paxtools.io.gsea.GSEAConverter - adding uniprot IDs of proteins (PRs) from 'Glycolysis Pathway', amaze;kegg pathway...
2024-06-27 04:02:26,967 846 [pool-1-thread-1] INFO org.biopax.paxtools.io.gsea.GSEAConverter - - collected 1entries.
2024-06-27 04:02:26,967 846 [main] INFO org.biopax.paxtools.io.gsea.GSEAConverter - Creating entries for the rest fo (unused) PRs...
2024-06-27 04:02:29,034 2913 [main] INFO org.biopax.paxtools.client.BiopaxValidatorClient - BioPAX Validator location: http://biopax.baderlab.org/check.html
2024-06-27 04:02:29,613 3492 [main] INFO org.biopax.paxtools.client.BiopaxValidatorClient - BioPAX Validator location: http://biopax.baderlab.org/check.html
2024-06-27 04:02:30,021 3900 [main] INFO org.biopax.paxtools.PaxtoolsMain - Elements in the result model: 240
SBGN-PD Layout is running...
success ratio: 0.7857142857142857
enhanced ratio: 0.7857142857142857
Total execution time: 94 miliseconds.
2024-06-27 04:02:30,757 4636 [main] INFO org.biopax.paxtools.PaxtoolsMain - toSifnx: not blacklisting ubiquitous molecules (no blacklist.txt found)
2024-06-27 04:02:31,602 5481 [main] INFO org.biopax.paxtools.PaxtoolsMain - toSif: not blacklisting ubiquitous molecules (no blacklist.txt found)
2024-06-27 04:02:32,495 6374 [main] INFO org.biopax.paxtools.PaxtoolsMain - toSif: not blacklisting ubiquitous molecules (no blacklist.txt found)
[ FAIL 1 | WARN 1 | SKIP 10 | PASS 39 ]
══ Skipped tests (10) ══════════════════════════════════════════════════════════
• On Bioconductor (7): 'test_pathwayCommons.R:38:5',
'test_pathwayCommons.R:63:5', 'test_pathwayCommons.R:77:5',
'test_pathwayCommons.R:131:5', 'test_pathwayCommons.R:169:5',
'test_pathwayCommons.R:185:5', 'test_pathwayCommons.R:260:5'
• empty test (3): 'test_pathwayCommons.R:266:1', 'test_pathwayCommons.R:285:1',
'test_pathwayCommons.R:286:1'
══ Failed tests ════════════════════════════════════════════════════════════════
── Error ('test_paxtools.R:73:5'): toSBGN ──────────────────────────────────────
<ExceptionInInitializerError/LinkageError/Error/Throwable/Object/Exception/error/condition>
Error in `toSBGN(system.file("extdata", "biopax3-short-metabolic-pathway.owl",
package = "paxtoolsr"), outFile)`: java.lang.ExceptionInInitializerError
[ FAIL 1 | WARN 1 | SKIP 10 | PASS 39 ]
Error: Test failures
Execution halted
paxtoolsr.Rcheck/paxtoolsr-Ex.timings
| name | user | system | elapsed | |
| addAttributeList | 0.10 | 0.00 | 0.14 | |
| convertDataFrameListsToVectors | 0 | 0 | 0 | |
| convertSifToGmt | 0.28 | 0.01 | 0.42 | |
| downloadFile | 0.05 | 0.00 | 0.14 | |
| downloadPc2 | 0 | 0 | 0 | |
| downloadSignedPC | 0 | 0 | 0 | |
| fetch | 4.55 | 0.37 | 4.70 | |
| filterSif | 0.28 | 0.00 | 0.41 | |
| getCacheFiles | 0 | 0 | 0 | |
| getErrorMessage | 0.01 | 0.00 | 0.01 | |
| getNeighbors | 0.57 | 0.05 | 0.24 | |
| getPc | 0 | 0 | 0 | |
| getPcDatabaseNames | 0.01 | 0.00 | 0.17 | |
| getPcUrl | 0 | 0 | 0 | |
| getShortestPathSif | 0.06 | 0.01 | 0.11 | |
| getSifInteractionCategories | 0 | 0 | 0 | |
| graphPc | 0 | 0 | 0 | |
| integrateBiopax | 2.10 | 0.16 | 0.72 | |
| loadSifInIgraph | 0.01 | 0.00 | 0.01 | |
| mapValues | 0 | 0 | 0 | |
| mergeBiopax | 0.55 | 0.11 | 0.52 | |
| pcDirections | 0 | 0 | 0 | |
| pcFormats | 0 | 0 | 0 | |
| pcGraphQueries | 0 | 0 | 0 | |
| processPcRequest | 0.00 | 0.00 | 0.05 | |
| readBiopax | 0 | 0 | 0 | |
| readGmt | 0.07 | 0.00 | 0.08 | |
| readPcPathwaysInfo | 41.64 | 4.73 | 47.25 | |
| readSbgn | 0.00 | 0.02 | 0.01 | |
| readSif | 0.02 | 0.00 | 0.02 | |
| readSifnx | 0.03 | 0.00 | 0.06 | |
| searchListOfVectors | 0 | 0 | 0 | |
| searchPc | 0 | 0 | 0 | |
| summarize | 0.11 | 0.02 | 0.16 | |
| summarizeSif | 0.03 | 0.00 | 0.01 | |
| toCytoscape | 0.03 | 0.00 | 0.03 | |
| toGSEA | 0.10 | 0.02 | 0.14 | |
| toLevel3 | 0.32 | 0.01 | 0.11 | |