| Back to Mac ARM64 build report for BioC 3.17 |
|
This page was generated on 2023-10-20 09:38:03 -0400 (Fri, 20 Oct 2023).
| Hostname | OS | Arch (*) | R version | Installed pkgs |
|---|---|---|---|---|
| kjohnson2 | macOS 12.6.1 Monterey | arm64 | 4.3.1 (2023-06-16) -- "Beagle Scouts" | 4347 |
| Click on any hostname to see more info about the system (e.g. compilers) (*) as reported by 'uname -p', except on Windows and Mac OS X | ||||
| Package 855/2230 | Hostname | OS / Arch | INSTALL | BUILD | CHECK | BUILD BIN | ||||||||
| GMRP 1.28.0 (landing page) Yuan-De Tan
| kjohnson2 | macOS 12.6.1 Monterey / arm64 | OK | OK | WARNINGS | OK | ||||||||
|
To the developers/maintainers of the GMRP package: - Use the following Renviron settings to reproduce errors and warnings. - If 'R CMD check' started to fail recently on the Linux builder(s) over a missing dependency, add the missing dependency to 'Suggests:' in your DESCRIPTION file. See Renviron.bioc for more information. |
| Package: GMRP |
| Version: 1.28.0 |
| Command: /Library/Frameworks/R.framework/Resources/bin/R CMD check --install=check:GMRP.install-out.txt --library=/Library/Frameworks/R.framework/Resources/library --no-vignettes --timings GMRP_1.28.0.tar.gz |
| StartedAt: 2023-10-17 22:50:12 -0400 (Tue, 17 Oct 2023) |
| EndedAt: 2023-10-17 22:52:29 -0400 (Tue, 17 Oct 2023) |
| EllapsedTime: 136.7 seconds |
| RetCode: 0 |
| Status: WARNINGS |
| CheckDir: GMRP.Rcheck |
| Warnings: 1 |
##############################################################################
##############################################################################
###
### Running command:
###
### /Library/Frameworks/R.framework/Resources/bin/R CMD check --install=check:GMRP.install-out.txt --library=/Library/Frameworks/R.framework/Resources/library --no-vignettes --timings GMRP_1.28.0.tar.gz
###
##############################################################################
##############################################################################
* using log directory ‘/Users/biocbuild/bbs-3.17-bioc-mac-arm64/meat/GMRP.Rcheck’
* using R version 4.3.1 (2023-06-16)
* using platform: aarch64-apple-darwin20 (64-bit)
* R was compiled by
Apple clang version 14.0.0 (clang-1400.0.29.202)
GNU Fortran (GCC) 12.2.0
* running under: macOS Monterey 12.6.7
* using session charset: UTF-8
* using option ‘--no-vignettes’
* checking for file ‘GMRP/DESCRIPTION’ ... OK
* checking extension type ... Package
* this is package ‘GMRP’ version ‘1.28.0’
* checking package namespace information ... OK
* checking package dependencies ... OK
* checking if this is a source package ... OK
* checking if there is a namespace ... OK
* checking for hidden files and directories ... OK
* checking for portable file names ... OK
* checking for sufficient/correct file permissions ... OK
* checking whether package ‘GMRP’ can be installed ... WARNING
Found the following significant warnings:
Warning: Package 'GMRP' is deprecated and will be removed from Bioconductor
See ‘/Users/biocbuild/bbs-3.17-bioc-mac-arm64/meat/GMRP.Rcheck/00install.out’ for details.
* checking installed package size ... OK
* checking package directory ... OK
* checking ‘build’ directory ... OK
* checking DESCRIPTION meta-information ... OK
* checking top-level files ... OK
* checking for left-over files ... OK
* checking index information ... OK
* checking package subdirectories ... OK
* checking R files for non-ASCII characters ... OK
* checking R files for syntax errors ... OK
* checking whether the package can be loaded ... OK
* checking whether the package can be loaded with stated dependencies ... OK
* checking whether the package can be unloaded cleanly ... OK
* checking whether the namespace can be loaded with stated dependencies ... OK
* checking whether the namespace can be unloaded cleanly ... OK
* checking startup messages can be suppressed ... OK
* checking dependencies in R code ... OK
* checking S3 generic/method consistency ... OK
* checking replacement functions ... OK
* checking foreign function calls ... OK
* checking R code for possible problems ... OK
* checking Rd files ... OK
* checking Rd metadata ... OK
* checking Rd cross-references ... OK
* checking for missing documentation entries ... OK
* checking for code/documentation mismatches ... OK
* checking Rd \usage sections ... OK
* checking Rd contents ... OK
* checking for unstated dependencies in examples ... OK
* checking contents of ‘data’ directory ... OK
* checking data for non-ASCII characters ... OK
* checking data for ASCII and uncompressed saves ... OK
* checking sizes of PDF files under ‘inst/doc’ ... OK
* checking installed files from ‘inst/doc’ ... OK
* checking files in ‘vignettes’ ... OK
* checking examples ... OK
* checking for unstated dependencies in vignettes ... NOTE
Warning: parse error in file '/Library/Frameworks/R.framework/Versions/4.3-arm64/Resources/library/GMRP/doc/GMRP.R':
131:1: unexpected input
130: ###################################################
131: <<
^
* checking package vignettes in ‘inst/doc’ ... OK
* checking running R code from vignettes ... SKIPPED
* checking re-building of vignette outputs ... SKIPPED
* checking PDF version of manual ... OK
* DONE
Status: 1 WARNING, 1 NOTE
See
‘/Users/biocbuild/bbs-3.17-bioc-mac-arm64/meat/GMRP.Rcheck/00check.log’
for details.
GMRP.Rcheck/00install.out
############################################################################## ############################################################################## ### ### Running command: ### ### /Library/Frameworks/R.framework/Resources/bin/R CMD INSTALL GMRP ### ############################################################################## ############################################################################## * installing to library ‘/Library/Frameworks/R.framework/Versions/4.3-arm64/Resources/library’ * installing *source* package ‘GMRP’ ... ** using staged installation ** R ** data ** inst ** byte-compile and prepare package for lazy loading ** help *** installing help indices ** building package indices ** installing vignettes ** testing if installed package can be loaded from temporary location Warning: Package 'GMRP' is deprecated and will be removed from Bioconductor version 3.7 ** testing if installed package can be loaded from final location Warning: Package 'GMRP' is deprecated and will be removed from Bioconductor version 3.7 ** testing if installed package keeps a record of temporary installation path * DONE (GMRP)
GMRP.Rcheck/GMRP-Ex.timings
| name | user | system | elapsed | |
| GMRP-package | 0.224 | 0.026 | 0.379 | |
| SNP358.data | 0.002 | 0.002 | 0.004 | |
| SNP368annot.data | 0.002 | 0.002 | 0.004 | |
| beta.data | 0.002 | 0.002 | 0.007 | |
| cad.data | 0.012 | 0.003 | 0.024 | |
| chrp | 0.035 | 0.004 | 0.056 | |
| fmerge | 0.007 | 0.001 | 0.012 | |
| lpd.data | 0.029 | 0.004 | 0.049 | |
| mktable | 0.081 | 0.013 | 0.143 | |
| path | 0.015 | 0.004 | 0.030 | |
| pathdiagram | 0.046 | 0.007 | 0.081 | |
| pathdiagram2 | 0.074 | 0.010 | 0.132 | |
| snpPositAnnot | 0.059 | 0.006 | 0.102 | |
| ucscannot | 0.040 | 0.008 | 0.073 | |