| Back to Multiple platform build/check report for BioC 3.17: simplified long |
|
This page was generated on 2023-10-16 11:36:25 -0400 (Mon, 16 Oct 2023).
| Hostname | OS | Arch (*) | R version | Installed pkgs |
|---|---|---|---|---|
| nebbiolo1 | Linux (Ubuntu 22.04.2 LTS) | x86_64 | 4.3.1 (2023-06-16) -- "Beagle Scouts" | 4626 |
| palomino3 | Windows Server 2022 Datacenter | x64 | 4.3.1 (2023-06-16 ucrt) -- "Beagle Scouts" | 4379 |
| merida1 | macOS 12.6.4 Monterey | x86_64 | 4.3.1 (2023-06-16) -- "Beagle Scouts" | 4395 |
| Click on any hostname to see more info about the system (e.g. compilers) (*) as reported by 'uname -p', except on Windows and Mac OS X | ||||
| Package 1403/2230 | Hostname | OS / Arch | INSTALL | BUILD | CHECK | BUILD BIN | ||||||||
Alex Chit Hei Wong
| nebbiolo1 | Linux (Ubuntu 22.04.2 LTS) / x86_64 | OK | OK | WARNINGS | |||||||||
| palomino3 | Windows Server 2022 Datacenter / x64 | OK | OK | WARNINGS | OK | |||||||||
| merida1 | macOS 12.6.4 Monterey / x86_64 | OK | OK | WARNINGS | OK | |||||||||
| kjohnson2 | macOS 12.6.1 Monterey / arm64 | see weekly results here | ||||||||||||
|
To the developers/maintainers of the NxtIRFcore package: - Allow up to 24 hours (and sometimes 48 hours) for your latest push to git@git.bioconductor.org:packages/NxtIRFcore.git to reflect on this report. See Troubleshooting Build Report for more information. - Use the following Renviron settings to reproduce errors and warnings. - If 'R CMD check' started to fail recently on the Linux builder(s) over a missing dependency, add the missing dependency to 'Suggests:' in your DESCRIPTION file. See Renviron.bioc for more information. |
| Package: NxtIRFcore |
| Version: 1.6.0 |
| Command: F:\biocbuild\bbs-3.17-bioc\R\bin\R.exe CMD check --no-multiarch --install=check:NxtIRFcore.install-out.txt --library=F:\biocbuild\bbs-3.17-bioc\R\library --no-vignettes --timings NxtIRFcore_1.6.0.tar.gz |
| StartedAt: 2023-10-16 04:50:36 -0400 (Mon, 16 Oct 2023) |
| EndedAt: 2023-10-16 04:57:41 -0400 (Mon, 16 Oct 2023) |
| EllapsedTime: 425.2 seconds |
| RetCode: 0 |
| Status: WARNINGS |
| CheckDir: NxtIRFcore.Rcheck |
| Warnings: 1 |
##############################################################################
##############################################################################
###
### Running command:
###
### F:\biocbuild\bbs-3.17-bioc\R\bin\R.exe CMD check --no-multiarch --install=check:NxtIRFcore.install-out.txt --library=F:\biocbuild\bbs-3.17-bioc\R\library --no-vignettes --timings NxtIRFcore_1.6.0.tar.gz
###
##############################################################################
##############################################################################
* using log directory 'F:/biocbuild/bbs-3.17-bioc/meat/NxtIRFcore.Rcheck'
* using R version 4.3.1 (2023-06-16 ucrt)
* using platform: x86_64-w64-mingw32 (64-bit)
* R was compiled by
gcc.exe (GCC) 12.2.0
GNU Fortran (GCC) 12.2.0
* running under: Windows Server 2022 x64 (build 20348)
* using session charset: UTF-8
* using option '--no-vignettes'
* checking for file 'NxtIRFcore/DESCRIPTION' ... OK
* this is package 'NxtIRFcore' version '1.6.0'
* package encoding: UTF-8
* checking package namespace information ... OK
* checking package dependencies ... OK
* checking if this is a source package ... OK
* checking if there is a namespace ... OK
* checking for hidden files and directories ... OK
* checking for portable file names ... OK
* checking whether package 'NxtIRFcore' can be installed ... WARNING
Found the following significant warnings:
Warning: Package 'NxtIRFcore' is deprecated and will be removed from
See 'F:/biocbuild/bbs-3.17-bioc/meat/NxtIRFcore.Rcheck/00install.out' for details.
* used C++ compiler: 'G__~1.EXE (GCC) 12.2.0'
* checking C++ specification ... NOTE
Specified C++11: please drop specification unless essential
* checking installed package size ... OK
* checking package directory ... OK
* checking 'build' directory ... OK
* checking DESCRIPTION meta-information ... OK
* checking top-level files ... OK
* checking for left-over files ... OK
* checking index information ... OK
* checking package subdirectories ... OK
* checking R files for non-ASCII characters ... OK
* checking R files for syntax errors ... OK
* checking whether the package can be loaded ... OK
* checking whether the package can be loaded with stated dependencies ... OK
* checking whether the package can be unloaded cleanly ... OK
* checking whether the namespace can be loaded with stated dependencies ... OK
* checking whether the namespace can be unloaded cleanly ... OK
* checking startup messages can be suppressed ... OK
* checking dependencies in R code ... OK
* checking S3 generic/method consistency ... OK
* checking replacement functions ... OK
* checking foreign function calls ... OK
* checking R code for possible problems ... OK
* checking Rd files ... OK
* checking Rd metadata ... OK
* checking Rd cross-references ... OK
* checking for missing documentation entries ... OK
* checking for code/documentation mismatches ... OK
* checking Rd \usage sections ... OK
* checking Rd contents ... OK
* checking for unstated dependencies in examples ... OK
* checking line endings in shell scripts ... OK
* checking line endings in C/C++/Fortran sources/headers ... OK
* checking line endings in Makefiles ... OK
* checking compilation flags in Makevars ... OK
* checking for GNU extensions in Makefiles ... OK
* checking for portable use of $(BLAS_LIBS) and $(LAPACK_LIBS) ... OK
* checking use of PKG_*FLAGS in Makefiles ... OK
* checking compiled code ... NOTE
Note: information on .o files for x64 is not available
File 'F:/biocbuild/bbs-3.17-bioc/R/library/NxtIRFcore/libs/x64/NxtIRFcore.dll':
Found '_assert', possibly from 'assert' (C)
Found 'abort', possibly from 'abort' (C), 'runtime' (Fortran)
Found 'exit', possibly from 'exit' (C), 'stop' (Fortran)
Compiled code should not call entry points which might terminate R nor
write to stdout/stderr instead of to the console, nor use Fortran I/O
nor system RNGs nor [v]sprintf. The detected symbols are linked into
the code but might come from libraries and not actually be called.
See 'Writing portable packages' in the 'Writing R Extensions' manual.
* checking files in 'vignettes' ... OK
* checking examples ... OK
Examples with CPU (user + system) or elapsed time > 5s
user system elapsed
BuildReference 16.43 0.19 18.11
CollateData 14.74 0.73 16.67
NxtSE-class 4.33 0.83 5.15
Plot_Coverage 4.13 0.17 5.63
* checking for unstated dependencies in 'tests' ... OK
* checking tests ...
Running 'testthat.R'
OK
* checking for unstated dependencies in vignettes ... OK
* checking package vignettes in 'inst/doc' ... OK
* checking running R code from vignettes ... SKIPPED
* checking re-building of vignette outputs ... SKIPPED
* checking PDF version of manual ... OK
* DONE
Status: 1 WARNING, 2 NOTEs
See
'F:/biocbuild/bbs-3.17-bioc/meat/NxtIRFcore.Rcheck/00check.log'
for details.
NxtIRFcore.Rcheck/00install.out
############################################################################## ############################################################################## ### ### Running command: ### ### F:\biocbuild\bbs-3.17-bioc\R\bin\R.exe CMD INSTALL NxtIRFcore ### ############################################################################## ############################################################################## * installing to library 'F:/biocbuild/bbs-3.17-bioc/R/library' * installing *source* package 'NxtIRFcore' ... ** using staged installation ** libs using C++ compiler: 'G__~1.EXE (GCC) 12.2.0' using C++11 g++ -std=gnu++11 -I"F:/biocbuild/bbs-3.17-bioc/R/include" -DNDEBUG -I'F:/biocbuild/bbs-3.17-bioc/R/library/Rcpp/include' -I'F:/biocbuild/bbs-3.17-bioc/R/library/zlibbioc/include' -I'F:/biocbuild/bbs-3.17-bioc/R/library/RcppProgress/include' -I"C:/rtools43/x86_64-w64-mingw32.static.posix/include" -fopenmp -DRNXTIRF -O2 -Wall -mfpmath=sse -msse2 -mstackrealign -c BAM2blocks.cpp -o BAM2blocks.o g++ -std=gnu++11 -I"F:/biocbuild/bbs-3.17-bioc/R/include" -DNDEBUG -I'F:/biocbuild/bbs-3.17-bioc/R/library/Rcpp/include' -I'F:/biocbuild/bbs-3.17-bioc/R/library/zlibbioc/include' -I'F:/biocbuild/bbs-3.17-bioc/R/library/RcppProgress/include' -I"C:/rtools43/x86_64-w64-mingw32.static.posix/include" -fopenmp -DRNXTIRF -O2 -Wall -mfpmath=sse -msse2 -mstackrealign -c FastaReader.cpp -o FastaReader.o g++ -std=gnu++11 -I"F:/biocbuild/bbs-3.17-bioc/R/include" -DNDEBUG -I'F:/biocbuild/bbs-3.17-bioc/R/library/Rcpp/include' -I'F:/biocbuild/bbs-3.17-bioc/R/library/zlibbioc/include' -I'F:/biocbuild/bbs-3.17-bioc/R/library/RcppProgress/include' -I"C:/rtools43/x86_64-w64-mingw32.static.posix/include" -fopenmp -DRNXTIRF -O2 -Wall -mfpmath=sse -msse2 -mstackrealign -c FragmentBlocks.cpp -o FragmentBlocks.o g++ -std=gnu++11 -I"F:/biocbuild/bbs-3.17-bioc/R/include" -DNDEBUG -I'F:/biocbuild/bbs-3.17-bioc/R/library/Rcpp/include' -I'F:/biocbuild/bbs-3.17-bioc/R/library/zlibbioc/include' -I'F:/biocbuild/bbs-3.17-bioc/R/library/RcppProgress/include' -I"C:/rtools43/x86_64-w64-mingw32.static.posix/include" -fopenmp -DRNXTIRF -O2 -Wall -mfpmath=sse -msse2 -mstackrealign -c GZTools.cpp -o GZTools.o g++ -std=gnu++11 -I"F:/biocbuild/bbs-3.17-bioc/R/include" -DNDEBUG -I'F:/biocbuild/bbs-3.17-bioc/R/library/Rcpp/include' -I'F:/biocbuild/bbs-3.17-bioc/R/library/zlibbioc/include' -I'F:/biocbuild/bbs-3.17-bioc/R/library/RcppProgress/include' -I"C:/rtools43/x86_64-w64-mingw32.static.posix/include" -fopenmp -DRNXTIRF -O2 -Wall -mfpmath=sse -msse2 -mstackrealign -c IRFinder.cpp -o IRFinder.o g++ -std=gnu++11 -I"F:/biocbuild/bbs-3.17-bioc/R/include" -DNDEBUG -I'F:/biocbuild/bbs-3.17-bioc/R/library/Rcpp/include' -I'F:/biocbuild/bbs-3.17-bioc/R/library/zlibbioc/include' -I'F:/biocbuild/bbs-3.17-bioc/R/library/RcppProgress/include' -I"C:/rtools43/x86_64-w64-mingw32.static.posix/include" -fopenmp -DRNXTIRF -O2 -Wall -mfpmath=sse -msse2 -mstackrealign -c RcppExports.cpp -o RcppExports.o g++ -std=gnu++11 -I"F:/biocbuild/bbs-3.17-bioc/R/include" -DNDEBUG -I'F:/biocbuild/bbs-3.17-bioc/R/library/Rcpp/include' -I'F:/biocbuild/bbs-3.17-bioc/R/library/zlibbioc/include' -I'F:/biocbuild/bbs-3.17-bioc/R/library/RcppProgress/include' -I"C:/rtools43/x86_64-w64-mingw32.static.posix/include" -fopenmp -DRNXTIRF -O2 -Wall -mfpmath=sse -msse2 -mstackrealign -c ReadBlockProcessor.cpp -o ReadBlockProcessor.o g++ -std=gnu++11 -I"F:/biocbuild/bbs-3.17-bioc/R/include" -DNDEBUG -I'F:/biocbuild/bbs-3.17-bioc/R/library/Rcpp/include' -I'F:/biocbuild/bbs-3.17-bioc/R/library/zlibbioc/include' -I'F:/biocbuild/bbs-3.17-bioc/R/library/RcppProgress/include' -I"C:/rtools43/x86_64-w64-mingw32.static.posix/include" -fopenmp -DRNXTIRF -O2 -Wall -mfpmath=sse -msse2 -mstackrealign -c ReadBlockProcessor_CoverageBlocks.cpp -o ReadBlockProcessor_CoverageBlocks.o g++ -std=gnu++11 -I"F:/biocbuild/bbs-3.17-bioc/R/include" -DNDEBUG -I'F:/biocbuild/bbs-3.17-bioc/R/library/Rcpp/include' -I'F:/biocbuild/bbs-3.17-bioc/R/library/zlibbioc/include' -I'F:/biocbuild/bbs-3.17-bioc/R/library/RcppProgress/include' -I"C:/rtools43/x86_64-w64-mingw32.static.posix/include" -fopenmp -DRNXTIRF -O2 -Wall -mfpmath=sse -msse2 -mstackrealign -c covTools.cpp -o covTools.o g++ -shared -s -static-libgcc -o NxtIRFcore.dll tmp.def BAM2blocks.o FastaReader.o FragmentBlocks.o GZTools.o IRFinder.o RcppExports.o ReadBlockProcessor.o ReadBlockProcessor_CoverageBlocks.o covTools.o -fopenmp -DRNXTIRF -LF:/biocbuild/bbs-3.17-bioc/R/library/zlibbioc/libs/x64 -lzlib1bioc -LC:/rtools43/x86_64-w64-mingw32.static.posix/lib/x64 -LC:/rtools43/x86_64-w64-mingw32.static.posix/lib -LF:/biocbuild/bbs-3.17-bioc/R/bin/x64 -lR installing to F:/biocbuild/bbs-3.17-bioc/R/library/00LOCK-NxtIRFcore/00new/NxtIRFcore/libs/x64 ** R ** inst ** byte-compile and prepare package for lazy loading ** help *** installing help indices ** building package indices ** installing vignettes ** testing if installed package can be loaded from temporary location Warning: Package 'NxtIRFcore' is deprecated and will be removed from Bioconductor version 3.18 ** testing if installed package can be loaded from final location Warning: Package 'NxtIRFcore' is deprecated and will be removed from Bioconductor version 3.18 ** testing if installed package keeps a record of temporary installation path * DONE (NxtIRFcore)
NxtIRFcore.Rcheck/tests/testthat.Rout
R version 4.3.1 (2023-06-16 ucrt) -- "Beagle Scouts"
Copyright (C) 2023 The R Foundation for Statistical Computing
Platform: x86_64-w64-mingw32/x64 (64-bit)
R is free software and comes with ABSOLUTELY NO WARRANTY.
You are welcome to redistribute it under certain conditions.
Type 'license()' or 'licence()' for distribution details.
R is a collaborative project with many contributors.
Type 'contributors()' for more information and
'citation()' on how to cite R or R packages in publications.
Type 'demo()' for some demos, 'help()' for on-line help, or
'help.start()' for an HTML browser interface to help.
Type 'q()' to quit R.
> library(testthat)
> library(NxtIRFcore)
Loading required package: NxtIRFdata
Warning message:
Package 'NxtIRFcore' is deprecated and will be removed from
Bioconductor version 3.18
>
> test_check("NxtIRFcore")
Oct 16 4:56:55 AM Reference generated without non-polyA reference
Oct 16 4:56:55 AM Reference generated without Mappability reference
Oct 16 4:56:55 AM Reference generated without Blacklist exclusion
Oct 16 4:56:55 AM Converting FASTA to local TwoBitFile...done
Oct 16 4:56:56 AM Connecting to genome TwoBitFile...done
Oct 16 4:56:56 AM Making local copy of GTF file...done
Oct 16 4:56:57 AM Reading source GTF file...done
Oct 16 4:56:57 AM Processing gtf file...
...genes
...transcripts
...CDS
...exons
done
Oct 16 4:56:59 AM Processing introns...
...data
...basic annotations
...splice motifs
...other info
...defining flanking exon islands
done
Oct 16 4:57:03 AM Generating IRFinder reference
...prepping data
...determining measurable introns (directional)
...determining measurable introns (non-directional)
...writing ref-cover.bed
...writing ref-ROI.bed
...writing ref-read-continues.ref
...writing ref-sj.ref
IRFinder reference generation completed
Oct 16 4:57:08 AM Predicting NMD transcripts from genome sequence
...exonic transcripts
...retained introns
|
| | 0%
|
|======================================================================| 100%
done
Oct 16 4:57:10 AM Annotating Splice Events
Annotating Mutually-Exclusive-Exon Splice Events...done
Annotating Skipped-Exon Splice Events...done
Annotating Alternate 5' / 3' Splice Site Splice Events...done
Annotating Alternate First / Last Exon Splice Events...done
Annotating known retained introns...done
Oct 16 4:57:11 AM Splice Annotations Filtered
Oct 16 4:57:11 AM Translating Alternate Splice Peptides...done
Oct 16 4:57:12 AM Splice Annotations finished
Reference build finished
Oct 16 4:57:12 AM Running IRFinder
Reading reference file
Running IRFinder with OpenMP using 1 threads
F:\biocbuild\bbs-3.17-bioc\tmpdir\RtmpqWlXsE\02H003.bam processed
F:\biocbuild\bbs-3.17-bioc\tmpdir\RtmpqWlXsE\02H025.bam processed
F:\biocbuild\bbs-3.17-bioc\tmpdir\RtmpqWlXsE\02H026.bam processed
F:\biocbuild\bbs-3.17-bioc\tmpdir\RtmpqWlXsE\02H033.bam processed
F:\biocbuild\bbs-3.17-bioc\tmpdir\RtmpqWlXsE\02H043.bam processed
F:\biocbuild\bbs-3.17-bioc\tmpdir\RtmpqWlXsE\02H046.bam processed
Oct 16 4:57:15 AM Validating Experiment; checking COV files...
Oct 16 4:57:16 AM Using SnowParam 1 threads
Oct 16 4:57:16 AM Compiling Sample Stats
Oct 16 4:57:16 AM Compiling Junction List...merging...done
Oct 16 4:57:17 AM Compiling Intron Retention List...done
Oct 16 4:57:18 AM Tidying up splice junctions and intron retentions...
...annotating splice junctions
...grouping splice junctions
...grouping introns
...loading splice events
...saving annotations
...compiling rowEvents
done
Oct 16 4:57:20 AM Generating NxtIRF assays
Oct 16 4:57:21 AM Using SnowParam 1 threads
|
| | 0%
|
|============ | 17%
|
|======================= | 33%
|
|=================================== | 50%
|
|=============================================== | 67%
|
|========================================================== | 83%
|
|======================================================================| 100%
Building Final SummarizedExperiment Object
|
| | 0%
|
|============ | 17%
|
|======================= | 33%
|
|=================================== | 50%
|
|=============================================== | 67%
|
|========================================================== | 83%
|
|======================================================================| 100%
NxtIRF Collation Finished
Oct 16 4:57:26 AM Loading NxtSE object from file...done
Oct 16 4:57:27 AM Removing overlapping introns...
Oct 16 4:57:27 AM Iterating through IR events to determine introns of main isoforms
Oct 16 4:57:27 AM Iteration 1
Oct 16 4:57:27 AM Iteration 2
Oct 16 4:57:29 AM Running IRFinder
Reading reference file
Running IRFinder with OpenMP using 1 threads
Processing BAM file F:\biocbuild\bbs-3.17-bioc\tmpdir\RtmpqWlXsE\02H003.bam
0% 10 20 30 40 50 60 70 80 90 100%
[----|----|----|----|----|----|----|----|----|----|
**************************************************|
Performing final sort of fragment maps
Writing COV file
**************************************************|
0% 10 20 30 40 50 60 70 80 90 100%
[----|----|----|----|----|----|----|----|----|----|
**************************************************|
Writing output file
F:\biocbuild\bbs-3.17-bioc\tmpdir\RtmpqWlXsE\02H003.bam processed
Oct 16 4:57:29 AM Running IRFinder
Reading reference file
Running IRFinder with OpenMP using 2 threads
Processing BAM file F:\biocbuild\bbs-3.17-bioc\tmpdir\RtmpqWlXsE\02H003.bam
0% 10 20 30 40 50 60 70 80 90 100%
[----|----|----|----|----|----|----|----|----|----|
**************************************************|
Compiling data from threads
Performing final sort of fragment maps
Writing COV file
**************************************************|
0% 10 20 30 40 50 60 70 80 90 100%
[----|----|----|----|----|----|----|----|----|----|
**************************************************|
Writing output file
F:\biocbuild\bbs-3.17-bioc\tmpdir\RtmpqWlXsE\02H003.bam processed
[ FAIL 0 | WARN 0 | SKIP 0 | PASS 18 ]
>
> # bump to trigger r cmd check
>
> proc.time()
user system elapsed
46.43 2.18 51.14
NxtIRFcore.Rcheck/NxtIRFcore-Ex.timings
| name | user | system | elapsed | |
| ASE-methods | 0.71 | 0.08 | 0.86 | |
| BuildReference | 16.43 | 0.19 | 18.11 | |
| CollateData | 14.74 | 0.73 | 16.67 | |
| CoordToGR | 0.03 | 0.00 | 0.04 | |
| Coverage | 0.91 | 0.00 | 0.93 | |
| Find_Samples | 0.01 | 0.00 | 0.02 | |
| IRFinder | 1.99 | 0.11 | 2.09 | |
| IsCOV | 0.01 | 0.00 | 0.05 | |
| MakeSE | 2.91 | 0.55 | 3.45 | |
| Mappability-methods | 0.03 | 0.01 | 0.07 | |
| NxtFilter-class | 0.06 | 0.00 | 0.06 | |
| NxtSE-class | 4.33 | 0.83 | 5.15 | |
| Plot_Coverage | 4.13 | 0.17 | 5.63 | |
| Run_NxtIRF_Filters | 0.46 | 0.05 | 0.51 | |
| STAR-methods | 0 | 0 | 0 | |
| example-NxtIRF-data | 0.00 | 0.02 | 0.02 | |
| make_plot_data | 0.05 | 0.00 | 0.05 | |
| theme_white | 0.16 | 0.00 | 0.15 | |