Back to Multiple platform build/check report
| Package: GEOquery |
| Version: 1.6.0 |
| Command: D:\biocbld\R-2.3.0\bin\R.exe CMD check GEOquery_1.6.0.tar.gz |
| RetCode: 0 |
| Time: 94.3 seconds |
| Status: WARNINGS |
| CheckDir: GEOquery.Rcheck |
| Warnings: 2 |
* checking for working latex ... OK
* using log directory 'D:/biocbld/work-area/1.8d/madman/Rpacks/GEOquery.Rcheck'
* using Version 2.3.0 (2006-04-24)
* checking for file 'GEOquery/DESCRIPTION' ... OK
* checking extension type ... Package
* this is package 'GEOquery' version '1.6.0'
* checking package dependencies ... OK
* checking if this is a source package ... OK
* checking whether package 'GEOquery' can be installed ... WARNING
Found the following significant warnings:
missing link(s): dataTable-class
* checking package directory ... OK
* checking for portable file names ... OK
* checking DESCRIPTION meta-information ... OK
* checking top-level files ... OK
* checking index information ... OK
* checking package subdirectories ... OK
* checking R files for syntax errors ... OK
* checking R files for library.dynam ... OK
* checking S3 generic/method consistency ... OK
* checking replacement functions ... OK
* checking foreign function calls ... OK
* checking Rd files ... OK
* checking for missing documentation entries ... WARNING
Undocumented code objects:
Accession Columns dataTable GPLList GSMList Meta Table
All user-level objects in a package should have documentation entries.
See chapter 'Writing R documentation files' in manual 'Writing R
Extensions'.
* checking for code/documentation mismatches ... OK
* checking Rd \usage sections ... OK
* creating GEOquery-Ex.R ... OK
* checking examples ... OK
* checking package vignettes in 'inst/doc' ... OK
* creating GEOquery-manual.tex ... OK
* checking GEOquery-manual.tex ... OK
WARNING: There were 2 warnings, see
D:/biocbld/work-area/1.8d/madman/Rpacks/GEOquery.Rcheck/00check.log
for details