Back to Multiple platform build/check report
| Package: rflowcyt |
| Version: 1.4.0 |
| Command: /home/biocbuild/R-2.3.0/bin/R CMD check rflowcyt_1.4.0.tar.gz |
| RetCode: 0 |
| Time: 455.1 seconds |
| Status: WARNINGS |
| CheckDir: rflowcyt.Rcheck |
| Warnings: 1 |
* checking for working latex ... OK
* using log directory '/home/biocbuild/1.8d/madman/Rpacks/rflowcyt.Rcheck'
* using Version 2.3.0 (2006-04-24)
* checking for file 'rflowcyt/DESCRIPTION' ... OK
* this is package 'rflowcyt' version '1.4.0'
* checking package dependencies ... OK
* checking if this is a source package ... OK
* checking whether package 'rflowcyt' can be installed ... OK
* checking package directory ... OK
* checking for portable file names ... OK
* checking for sufficient/correct file permissions ... OK
* checking DESCRIPTION meta-information ... OK
* checking top-level files ... OK
* checking index information ... OK
* checking package subdirectories ... OK
* checking R files for syntax errors ... OK
* checking R files for library.dynam ... OK
* checking S3 generic/method consistency ... WARNING
parallel:
function(x, data, ...)
parallel.coordinates:
function(x, varlabpos, variable.names, my.ylab, my.ylim, at.y,
each.ylab, scaled, group, group.lty, group.col, group.lwd,
superimpose)
See section 'Generic functions and methods' of the 'Writing R Extensions'
manual.
* checking replacement functions ... OK
* checking foreign function calls ... OK
* checking Rd files ... OK
* checking for missing documentation entries ... OK
* checking for code/documentation mismatches ... OK
* checking Rd \usage sections ... OK
* creating rflowcyt-Ex.R ... OK
* checking examples ... OK
* checking tests ...
make[1]: Entering directory `/home/biocbuild/1.8d/madman/Rpacks/rflowcyt.Rcheck/tests'
Running 'FCSclass-tests.R'
Running 'FCSgateclass-tests.R'
Running 'FCSmetadataclass-tests.R'
Running 'fluors.FCS.R'
Running 'read.FCS-tests.R'
Running 'runflowcytests-tests.R'
make[1]: Leaving directory `/home/biocbuild/1.8d/madman/Rpacks/rflowcyt.Rcheck/tests'
OK
* checking package vignettes in 'inst/doc' ... OK
* creating rflowcyt-manual.tex ... OK
* checking rflowcyt-manual.tex ... OK
WARNING: There was 1 warning, see
/home/biocbuild/1.8d/madman/Rpacks/rflowcyt.Rcheck/00check.log
for details