Last updated on 2025-10-22 09:50:57 CEST.
Flavor | Version | Tinstall | Tcheck | Ttotal | Status | Flags |
---|---|---|---|---|---|---|
r-devel-linux-x86_64-debian-clang | 1.11.1 | 3.41 | 55.85 | 59.26 | NOTE | |
r-devel-linux-x86_64-debian-gcc | 1.11.1 | 2.78 | 42.42 | 45.20 | NOTE | |
r-devel-linux-x86_64-fedora-clang | 1.11.1 | 65.00 | 32.68 | 97.68 | OK | |
r-devel-linux-x86_64-fedora-gcc | 1.11.1 | 101.23 | OK | |||
r-devel-windows-x86_64 | 1.11.1 | 7.00 | 81.00 | 88.00 | OK | |
r-patched-linux-x86_64 | 1.11.1 | 4.51 | 51.54 | 56.05 | OK | |
r-release-linux-x86_64 | 1.11.1 | 3.66 | 51.81 | 55.47 | OK | |
r-release-macos-arm64 | 1.11.1 | 2.00 | 40.00 | 42.00 | OK | |
r-release-macos-x86_64 | 1.11.1 | 4.00 | 70.00 | 74.00 | OK | |
r-release-windows-x86_64 | 1.11.1 | 7.00 | 85.00 | 92.00 | OK | |
r-oldrel-macos-arm64 | 1.11.1 | 2.00 | 39.00 | 41.00 | OK | |
r-oldrel-macos-x86_64 | 1.11.1 | 3.00 | 55.00 | 58.00 | OK | |
r-oldrel-windows-x86_64 | 1.11.1 | 8.00 | 98.00 | 106.00 | OK |
Version: 1.11.1
Check: HTML version of manual
Result: NOTE
Found the following HTML validation problems:
extractSetsFromDataFrame.html:73:1 (extractSetsFromDataFrame.Rd:27): Warning: missing </ul> before </div>
Flavors: r-devel-linux-x86_64-debian-clang, r-devel-linux-x86_64-debian-gcc