Last updated on 2025-10-21 09:48:51 CEST.
Flavor | Version | Tinstall | Tcheck | Ttotal | Status | Flags |
---|---|---|---|---|---|---|
r-devel-linux-x86_64-debian-clang | 2.0.7.1 | 85.52 | 162.98 | 248.50 | OK | |
r-devel-linux-x86_64-debian-gcc | 2.0.7.1 | 56.75 | 108.14 | 164.89 | NOTE | |
r-devel-linux-x86_64-fedora-clang | 2.0.7.1 | 460.41 | OK | |||
r-devel-linux-x86_64-fedora-gcc | 2.0.7.1 | 406.34 | OK | |||
r-devel-windows-x86_64 | 2.0.7.1 | 101.00 | 167.00 | 268.00 | OK | |
r-patched-linux-x86_64 | 2.0.7.1 | 88.67 | 148.98 | 237.65 | OK | |
r-release-linux-x86_64 | 2.0.7.1 | 84.09 | 148.48 | 232.57 | OK | |
r-release-macos-arm64 | 2.0.7.1 | 84.00 | OK | |||
r-release-macos-x86_64 | 2.0.7.1 | 143.00 | OK | |||
r-release-windows-x86_64 | 2.0.7.1 | 101.00 | 162.00 | 263.00 | OK | |
r-oldrel-macos-arm64 | 2.0.7.1 | 87.00 | OK | |||
r-oldrel-macos-x86_64 | 2.0.7.1 | 147.00 | OK | |||
r-oldrel-windows-x86_64 | 2.0.7.1 | 120.00 | 216.00 | 336.00 | OK |
Version: 2.0.7.1
Check: HTML version of manual
Result: NOTE
Found the following HTML validation problems:
tc_correlation.html:60:1 (tc_correlation.Rd:18): Warning: missing </ul> before </div>
tc_efunc.html:76:1 (tc_efunc.Rd:26): Warning: missing </ul> before </div>
tc_mfunc.html:91:1 (tc_mfunc.Rd:39): Warning: missing </ul> before </div>
tc_response.html:59:1 (tc_response.Rd:17): Warning: missing </ul> before </div>
Flavor: r-devel-linux-x86_64-debian-gcc