Last updated on 2025-10-24 09:50:20 CEST.
| Flavor | Version | Tinstall | Tcheck | Ttotal | Status | Flags |
|---|---|---|---|---|---|---|
| r-devel-linux-x86_64-debian-clang | 1.0.1 | 14.41 | 97.68 | 112.09 | NOTE | |
| r-devel-linux-x86_64-debian-gcc | 1.0.1 | 10.52 | 70.01 | 80.53 | NOTE | |
| r-devel-linux-x86_64-fedora-clang | 1.0.1 | 62.00 | 118.55 | 180.55 | OK | |
| r-devel-linux-x86_64-fedora-gcc | 1.0.1 | 31.00 | 144.31 | 175.31 | OK | |
| r-devel-windows-x86_64 | 1.0.1 | 17.00 | 108.00 | 125.00 | OK | |
| r-patched-linux-x86_64 | 1.0.1 | 13.49 | 93.87 | 107.36 | OK | |
| r-release-linux-x86_64 | 1.0.1 | 14.68 | 92.48 | 107.16 | OK | |
| r-release-macos-arm64 | 1.0.1 | 8.00 | 53.00 | 61.00 | OK | |
| r-release-macos-x86_64 | 1.0.1 | 15.00 | 117.00 | 132.00 | OK | |
| r-release-windows-x86_64 | 1.0.1 | 16.00 | 111.00 | 127.00 | OK | |
| r-oldrel-macos-arm64 | 1.0.1 | 7.00 | 47.00 | 54.00 | OK | |
| r-oldrel-macos-x86_64 | 1.0.1 | 16.00 | 81.00 | 97.00 | OK | |
| r-oldrel-windows-x86_64 | 1.0.1 | 21.00 | 133.00 | 154.00 | OK |
Version: 1.0.1
Check: CRAN incoming feasibility
Result: NOTE
Maintainer: ‘Anna Kiriliouk <anna.kiriliouk@unamur.be>’
No Authors@R field in DESCRIPTION.
Please add one, modifying
Authors@R: person(given = "Anna",
family = "Kiriliouk",
role = c("aut", "cre"),
email = "anna.kiriliouk@unamur.be")
as necessary.
Flavors: r-devel-linux-x86_64-debian-clang, r-devel-linux-x86_64-debian-gcc