Last updated on 2025-10-31 09:50:27 CET.
| Flavor | Version | Tinstall | Tcheck | Ttotal | Status | Flags | 
|---|---|---|---|---|---|---|
| r-devel-linux-x86_64-debian-clang | 1.0.2 | 2.66 | 37.12 | 39.78 | NOTE | |
| r-devel-linux-x86_64-debian-gcc | 1.0.2 | 2.05 | 28.61 | 30.66 | NOTE | |
| r-devel-linux-x86_64-fedora-clang | 1.0.2 | 59.75 | NOTE | |||
| r-devel-linux-x86_64-fedora-gcc | 1.0.2 | 71.43 | NOTE | |||
| r-devel-windows-x86_64 | 1.0.2 | 4.00 | 53.00 | 57.00 | NOTE | |
| r-patched-linux-x86_64 | 1.0.2 | 2.39 | 34.16 | 36.55 | NOTE | |
| r-release-linux-x86_64 | 1.0.2 | 2.71 | 34.48 | 37.19 | NOTE | |
| r-release-macos-arm64 | 1.0.2 | 2.00 | 27.00 | 29.00 | NOTE | |
| r-release-macos-x86_64 | 1.0.2 | 3.00 | 50.00 | 53.00 | NOTE | |
| r-release-windows-x86_64 | 1.0.2 | 5.00 | 56.00 | 61.00 | NOTE | |
| r-oldrel-macos-arm64 | 1.0.2 | 1.00 | 24.00 | 25.00 | OK | |
| r-oldrel-macos-x86_64 | 1.0.2 | 2.00 | 38.00 | 40.00 | OK | |
| r-oldrel-windows-x86_64 | 1.0.2 | 7.00 | 65.00 | 72.00 | OK | 
Version: 1.0.2
Check: DESCRIPTION meta-information
Result: NOTE
    Missing dependency on R >= 4.1.0 because package code uses the pipe
    |> or function shorthand \(...) syntax added in R 4.1.0.
    File(s) using such syntax:
      ‘findblocks_bc.Rd’ ‘getdata_bc.Rd’ ‘listdata_bc.Rd’ ‘opendata_bc.Rd’
      ‘utils.R’
Flavors: r-devel-linux-x86_64-debian-clang, r-devel-linux-x86_64-debian-gcc, r-devel-linux-x86_64-fedora-clang, r-devel-linux-x86_64-fedora-gcc, r-devel-windows-x86_64, r-patched-linux-x86_64, r-release-linux-x86_64, r-release-macos-arm64, r-release-macos-x86_64, r-release-windows-x86_64