Last updated on 2025-11-25 11:51:55 CET.
| Flavor | Version | Tinstall | Tcheck | Ttotal | Status | Flags |
|---|---|---|---|---|---|---|
| r-devel-linux-x86_64-debian-clang | 0.1.0 | 0.36 | 3.52 | 3.88 | ERROR | |
| r-devel-linux-x86_64-debian-gcc | 0.1.0 | 0.26 | 2.47 | 2.73 | ERROR | |
| r-devel-linux-x86_64-fedora-clang | 0.1.0 | 3.03 | ERROR | |||
| r-devel-linux-x86_64-fedora-gcc | 0.1.0 | 2.96 | ERROR | |||
| r-devel-windows-x86_64 | 0.1.0 | 45.00 | 355.00 | 400.00 | OK | |
| r-patched-linux-x86_64 | 0.1.0 | 38.25 | 483.68 | 521.93 | OK | |
| r-release-linux-x86_64 | 0.1.0 | 34.82 | 499.55 | 534.37 | OK | |
| r-release-macos-arm64 | 0.1.0 | OK | ||||
| r-release-macos-x86_64 | 0.1.0 | 40.00 | 295.00 | 335.00 | OK | |
| r-release-windows-x86_64 | 0.1.0 | 42.00 | 340.00 | 382.00 | OK | |
| r-oldrel-macos-arm64 | 0.1.0 | OK | ||||
| r-oldrel-macos-x86_64 | 0.1.0 | 39.00 | 288.00 | 327.00 | OK | |
| r-oldrel-windows-x86_64 | 0.1.0 | 59.00 | 501.00 | 560.00 | OK |
Version: 0.1.0
Check: package dependencies
Result: ERROR
Package required but not available: ‘tmap’
See section ‘The DESCRIPTION file’ in the ‘Writing R Extensions’
manual.
Flavors: r-devel-linux-x86_64-debian-clang, r-devel-linux-x86_64-debian-gcc, r-devel-linux-x86_64-fedora-clang, r-devel-linux-x86_64-fedora-gcc