CRAN Package Check Results for Package manifold

Last updated on 2025-11-27 11:50:06 CET.

Flavor Version Tinstall Tcheck Ttotal Status Flags
r-devel-linux-x86_64-debian-clang 0.1.1 40.04 69.80 109.84 WARN
r-devel-linux-x86_64-debian-gcc 0.1.1 28.56 53.02 81.58 WARN
r-devel-linux-x86_64-fedora-clang 0.1.1 171.00 25.05 196.05 NOTE
r-devel-linux-x86_64-fedora-gcc 0.1.1 86.00 92.68 178.68 NOTE
r-devel-windows-x86_64 0.1.1 50.00 93.00 143.00 NOTE
r-patched-linux-x86_64 0.1.1 44.72 65.73 110.45 NOTE
r-release-linux-x86_64 0.1.1 43.01 65.98 108.99 NOTE
r-release-macos-arm64 0.1.1 NOTE
r-release-macos-x86_64 0.1.1 24.00 78.00 102.00 NOTE
r-release-windows-x86_64 0.1.1 49.00 97.00 146.00 NOTE
r-oldrel-macos-arm64 0.1.1 NOTE
r-oldrel-macos-x86_64 0.1.1 24.00 49.00 73.00 NOTE
r-oldrel-windows-x86_64 0.1.1 57.00 117.00 174.00 NOTE

Check Details

Version: 0.1.1
Check: whether package can be installed
Result: WARN Found the following significant warnings: /home/hornik/tmp/R.check/r-devel-clang/Work/build/Packages/RcppArmadillo/include/RcppArmadillo/version/arma.h:66:17: warning: Using fallback compilation with Armadillo 14.6.3. Please consider defining -DARMA_USE_CURRENT and also removing C++11 compilation directive. See GitHub issue #475 for more. [-W#pragma-messages] See ‘/home/hornik/tmp/R.check/r-devel-clang/Work/PKGS/manifold.Rcheck/00install.out’ for details. * used C++ compiler: ‘Debian clang version 21.1.5 (1)’ Flavor: r-devel-linux-x86_64-debian-clang

Version: 0.1.1
Check: C++ specification
Result: NOTE Specified C++11: please drop specification unless essential Flavors: r-devel-linux-x86_64-debian-clang, r-devel-linux-x86_64-debian-gcc, r-devel-windows-x86_64, r-patched-linux-x86_64, r-release-linux-x86_64, r-release-macos-arm64, r-release-macos-x86_64, r-release-windows-x86_64, r-oldrel-macos-arm64, r-oldrel-macos-x86_64, r-oldrel-windows-x86_64

Version: 0.1.1
Check: whether package can be installed
Result: WARN Found the following significant warnings: /home/hornik/tmp/R.check/r-devel-gcc/Work/build/Packages/RcppArmadillo/include/RcppArmadillo/version/arma.h:66:199: note: ‘#pragma message: Using fallback compilation with Armadillo 14.6.3. Please consider defining -DARMA_USE_CURRENT and also removing C++11 compilation directive. See GitHub issue #475 for more.’ See ‘/home/hornik/tmp/R.check/r-devel-gcc/Work/PKGS/manifold.Rcheck/00install.out’ for details. * used C++ compiler: ‘g++-15 (Debian 15.2.0-7) 15.2.0’ Flavor: r-devel-linux-x86_64-debian-gcc

Version: 0.1.1
Check: C++ specification
Result: NOTE Specified C++11: support will be removed soon Flavors: r-devel-linux-x86_64-fedora-clang, r-devel-linux-x86_64-fedora-gcc