CRAN Package Check Results for Package injectoR

Last updated on 2025-11-22 09:49:56 CET.

Flavor Version Tinstall Tcheck Ttotal Status Flags
r-devel-linux-x86_64-debian-clang 0.2.4 1.70 20.62 22.32 NOTE
r-devel-linux-x86_64-debian-gcc 0.2.4 1.21 16.94 18.15 NOTE
r-devel-linux-x86_64-fedora-clang 0.2.4 32.32 OK
r-devel-linux-x86_64-fedora-gcc 0.2.4 29.84 OK
r-devel-windows-x86_64 0.2.4 5.00 40.00 45.00 OK
r-patched-linux-x86_64 0.2.4 1.57 19.02 20.59 OK
r-release-linux-x86_64 0.2.4 1.62 19.26 20.88 OK
r-release-macos-arm64 0.2.4 OK
r-release-macos-x86_64 0.2.4 2.00 21.00 23.00 OK
r-release-windows-x86_64 0.2.4 3.00 39.00 42.00 OK
r-oldrel-macos-arm64 0.2.4 OK
r-oldrel-macos-x86_64 0.2.4 1.00 22.00 23.00 OK
r-oldrel-windows-x86_64 0.2.4 3.00 47.00 50.00 OK

Check Details

Version: 0.2.4
Check: CRAN incoming feasibility
Result: NOTE Maintainer: ‘Lev Kuznetsov <levk@jimmy.harvard.edu>’ No Authors@R field in DESCRIPTION. Please add one, modifying Authors@R: person(given = "Lev", family = "Kuznetsov", role = c("aut", "cre"), email = "levk@jimmy.harvard.edu") as necessary. Flavors: r-devel-linux-x86_64-debian-clang, r-devel-linux-x86_64-debian-gcc