Last updated on 2025-11-04 10:53:32 CET.
| Flavor | Version | Tinstall | Tcheck | Ttotal | Status | Flags | 
|---|---|---|---|---|---|---|
| r-devel-linux-x86_64-debian-clang | 1.0.4 | 28.01 | 104.81 | 132.82 | NOTE | |
| r-devel-linux-x86_64-debian-gcc | 1.0.4 | 22.59 | 76.35 | 98.94 | NOTE | |
| r-devel-linux-x86_64-fedora-clang | 1.0.4 | 75.00 | 138.51 | 213.51 | OK | |
| r-devel-linux-x86_64-fedora-gcc | 1.0.4 | 71.00 | 125.73 | 196.73 | OK | |
| r-devel-windows-x86_64 | 1.0.4 | 35.00 | 121.00 | 156.00 | OK | |
| r-patched-linux-x86_64 | 1.0.4 | 32.37 | 98.25 | 130.62 | OK | |
| r-release-linux-x86_64 | 1.0.4 | 30.34 | 96.89 | 127.23 | OK | |
| r-release-macos-arm64 | 1.0.4 | 13.00 | 43.00 | 56.00 | OK | |
| r-release-macos-x86_64 | 1.0.4 | 21.00 | 80.00 | 101.00 | OK | |
| r-release-windows-x86_64 | 1.0.4 | 36.00 | 116.00 | 152.00 | OK | |
| r-oldrel-macos-arm64 | 1.0.4 | 13.00 | 40.00 | 53.00 | OK | |
| r-oldrel-macos-x86_64 | 1.0.4 | 18.00 | 60.00 | 78.00 | OK | |
| r-oldrel-windows-x86_64 | 1.0.4 | 44.00 | 154.00 | 198.00 | OK | 
Version: 1.0.4
Check: CRAN incoming feasibility
Result: NOTE
  Maintainer: ‘Thomas Lin Pedersen <thomasp85@gmail.com>’
  
  No Authors@R field in DESCRIPTION.
  Please add one, modifying
    Authors@R: person(given = c("Thomas", "Lin"),
                      family = "Pedersen",
                      role = c("aut", "cre"),
                      email = "thomasp85@gmail.com")
  as necessary.
Flavors: r-devel-linux-x86_64-debian-clang, r-devel-linux-x86_64-debian-gcc