Last updated on 2025-11-02 11:50:23 CET.
| Flavor | Version | Tinstall | Tcheck | Ttotal | Status | Flags |
|---|---|---|---|---|---|---|
| r-devel-linux-x86_64-debian-clang | 0.1.4 | 42.31 | 105.25 | 147.56 | OK | |
| r-devel-linux-x86_64-debian-gcc | 0.1.4 | 30.56 | 78.49 | 109.05 | OK | |
| r-devel-linux-x86_64-fedora-clang | 0.1.4 | 162.00 | 100.53 | 262.53 | OK | |
| r-devel-linux-x86_64-fedora-gcc | 0.1.4 | 78.00 | 165.38 | 243.38 | OK | |
| r-devel-windows-x86_64 | 0.1.4 | 45.00 | 150.00 | 195.00 | OK | |
| r-patched-linux-x86_64 | 0.1.4 | 45.41 | 101.42 | 146.83 | OK | |
| r-release-linux-x86_64 | 0.1.4 | 44.19 | 100.91 | 145.10 | OK | |
| r-release-macos-arm64 | 0.1.4 | 20.00 | 74.00 | 94.00 | OK | |
| r-release-macos-x86_64 | 0.1.4 | 18.00 | 116.00 | 134.00 | OK | |
| r-release-windows-x86_64 | 0.1.4 | 48.00 | 142.00 | 190.00 | OK | |
| r-oldrel-macos-arm64 | 0.1.4 | 19.00 | 76.00 | 95.00 | NOTE | |
| r-oldrel-macos-x86_64 | 0.1.4 | 20.00 | 115.00 | 135.00 | NOTE | |
| r-oldrel-windows-x86_64 | 0.1.4 | 52.00 | 179.00 | 231.00 | NOTE |
Version: 0.1.4
Check: installed package size
Result: NOTE
installed size is 8.2Mb
sub-directories of 1Mb or more:
doc 4.1Mb
libs 3.4Mb
Flavors: r-oldrel-macos-arm64, r-oldrel-macos-x86_64, r-oldrel-windows-x86_64