Last updated on 2025-10-24 09:50:04 CEST.
| Flavor | Version | Tinstall | Tcheck | Ttotal | Status | Flags |
|---|---|---|---|---|---|---|
| r-devel-linux-x86_64-debian-clang | 0.1.3 | 5.69 | 60.18 | 65.87 | OK | |
| r-devel-linux-x86_64-debian-gcc | 0.1.3 | 3.60 | 43.35 | 46.95 | OK | |
| r-devel-linux-x86_64-fedora-clang | 0.1.3 | 39.00 | 66.20 | 105.20 | NOTE | |
| r-devel-linux-x86_64-fedora-gcc | 0.1.3 | 14.00 | 80.61 | 94.61 | NOTE | |
| r-devel-windows-x86_64 | 0.1.3 | 8.00 | 70.00 | 78.00 | OK | |
| r-patched-linux-x86_64 | 0.1.3 | 5.62 | 56.10 | 61.72 | OK | |
| r-release-linux-x86_64 | 0.1.3 | 5.34 | 55.28 | 60.62 | OK | |
| r-release-macos-arm64 | 0.1.3 | 3.00 | 26.00 | 29.00 | OK | |
| r-release-macos-x86_64 | 0.1.3 | 4.00 | 40.00 | 44.00 | OK | |
| r-release-windows-x86_64 | 0.1.3 | 8.00 | 73.00 | 81.00 | OK | |
| r-oldrel-macos-arm64 | 0.1.3 | 2.00 | 24.00 | 26.00 | OK | |
| r-oldrel-macos-x86_64 | 0.1.3 | 4.00 | 34.00 | 38.00 | OK | |
| r-oldrel-windows-x86_64 | 0.1.3 | 11.00 | 89.00 | 100.00 | OK |
Version: 0.1.3
Check: dependencies in R code
Result: NOTE
Namespace in Imports field not imported from: ‘utils’
All declared Imports should be used.
Flavors: r-devel-linux-x86_64-fedora-clang, r-devel-linux-x86_64-fedora-gcc