Last updated on 2025-11-04 10:53:31 CET.
| Flavor | Version | Tinstall | Tcheck | Ttotal | Status | Flags | 
|---|---|---|---|---|---|---|
| r-devel-linux-x86_64-debian-clang | 1.2.8 | 8.91 | 259.43 | 268.34 | OK | |
| r-devel-linux-x86_64-debian-gcc | 1.2.8 | 5.97 | 210.84 | 216.81 | OK | |
| r-devel-linux-x86_64-fedora-clang | 1.2.8 | 46.00 | 377.58 | 423.58 | OK | |
| r-devel-linux-x86_64-fedora-gcc | 1.2.8 | 45.00 | 408.64 | 453.64 | OK | |
| r-devel-windows-x86_64 | 1.2.8 | 12.00 | 397.00 | 409.00 | OK | |
| r-patched-linux-x86_64 | 1.2.8 | 0.40 | 1.94 | 2.34 | ERROR | |
| r-release-linux-x86_64 | 1.2.8 | 0.39 | 2.04 | 2.43 | ERROR | |
| r-release-macos-arm64 | 1.2.8 | 3.00 | 131.00 | 134.00 | OK | |
| r-release-macos-x86_64 | 1.2.8 | 8.00 | 245.00 | 253.00 | OK | |
| r-release-windows-x86_64 | 1.2.8 | 12.00 | 385.00 | 397.00 | OK | |
| r-oldrel-macos-arm64 | 1.2.8 | 3.00 | 123.00 | 126.00 | OK | |
| r-oldrel-macos-x86_64 | 1.2.8 | 10.00 | 253.00 | 263.00 | OK | |
| r-oldrel-windows-x86_64 | 1.2.8 | 14.00 | 441.00 | 455.00 | OK | 
Version: 1.2.8
Check: package dependencies
Result: ERROR
  Package required but not available: ‘ShortRead’
  
  See section ‘The DESCRIPTION file’ in the ‘Writing R Extensions’
  manual.
Flavor: r-patched-linux-x86_64
Version: 1.2.8
Check: package dependencies
Result: ERROR
  Package required but not available: ‘ggtree’
  
  See section ‘The DESCRIPTION file’ in the ‘Writing R Extensions’
  manual.
Flavor: r-release-linux-x86_64