Last updated on 2025-11-25 11:51:49 CET.
| Flavor | Version | Tinstall | Tcheck | Ttotal | Status | Flags |
|---|---|---|---|---|---|---|
| r-devel-linux-x86_64-debian-clang | 0.4.3 | 7.88 | 82.56 | 90.44 | NOTE | |
| r-devel-linux-x86_64-debian-gcc | 0.4.3 | 5.46 | 57.44 | 62.90 | NOTE | |
| r-devel-linux-x86_64-fedora-clang | 0.4.3 | 42.00 | 109.28 | 151.28 | OK | |
| r-devel-linux-x86_64-fedora-gcc | 0.4.3 | 15.00 | 135.96 | 150.96 | OK | |
| r-devel-windows-x86_64 | 0.4.3 | 11.00 | 91.00 | 102.00 | OK | |
| r-patched-linux-x86_64 | 0.4.3 | 8.80 | 76.50 | 85.30 | OK | |
| r-release-linux-x86_64 | 0.4.3 | 7.48 | 76.23 | 83.71 | OK | |
| r-release-macos-arm64 | 0.4.3 | OK | ||||
| r-release-macos-x86_64 | 0.4.3 | 9.00 | 108.00 | 117.00 | OK | |
| r-release-windows-x86_64 | 0.4.3 | 11.00 | 90.00 | 101.00 | OK | |
| r-oldrel-macos-arm64 | 0.4.3 | OK | ||||
| r-oldrel-macos-x86_64 | 0.4.3 | 6.00 | 90.00 | 96.00 | OK | |
| r-oldrel-windows-x86_64 | 0.4.3 | 14.00 | 113.00 | 127.00 | OK |
Version: 0.4.3
Check: DESCRIPTION meta-information
Result: NOTE
Author field differs from that derived from Authors@R
Author: ‘Danny Tholen [aut, cre] (<https://orcid.org/0000-0002-9517-0939>, University of Natural Resources and Life Sciences, Vienna)’
Authors@R: ‘Danny Tholen [aut, cre] (ORCID: <https://orcid.org/0000-0002-9517-0939>, affiliation: University of Natural Resources and Life Sciences, Vienna)’
Flavors: r-devel-linux-x86_64-debian-clang, r-devel-linux-x86_64-debian-gcc