CRAN Package Check Results for Package evolvability

Last updated on 2025-11-27 11:50:00 CET.

Flavor Version Tinstall Tcheck Ttotal Status Flags
r-devel-linux-x86_64-debian-clang 2.0.1 9.65 93.31 102.96 OK
r-devel-linux-x86_64-debian-gcc 2.0.1 6.76 68.22 74.98 OK
r-devel-linux-x86_64-fedora-clang 2.0.1 18.00 136.28 154.28 OK
r-devel-linux-x86_64-fedora-gcc 2.0.1 26.00 138.64 164.64 OK
r-devel-windows-x86_64 2.0.1 13.00 105.00 118.00 NOTE
r-patched-linux-x86_64 2.0.1 10.14 88.98 99.12 OK
r-release-linux-x86_64 2.0.1 7.79 87.21 95.00 OK
r-release-macos-arm64 2.0.1 OK
r-release-macos-x86_64 2.0.1 7.00 86.00 93.00 OK
r-release-windows-x86_64 2.0.1 11.00 120.00 131.00 OK
r-oldrel-macos-arm64 2.0.1 OK
r-oldrel-macos-x86_64 2.0.1 7.00 102.00 109.00 OK
r-oldrel-windows-x86_64 2.0.1 14.00 132.00 146.00 OK

Check Details

Version: 2.0.1
Check: Rd files
Result: NOTE checkRd: (-1) evolvabilityBeta.Rd:21-29: Only 6 columns allowed in this table (row 1 has 5) checkRd: (-1) evolvabilityBeta.Rd:21-29: Only 6 columns allowed in this table (row 2 has 5) checkRd: (-1) evolvabilityBeta.Rd:21-29: Only 6 columns allowed in this table (row 3 has 5) checkRd: (-1) evolvabilityBeta.Rd:21-29: Only 6 columns allowed in this table (row 4 has 5) checkRd: (-1) evolvabilityBeta.Rd:21-29: Only 6 columns allowed in this table (row 5 has 5) checkRd: (-1) evolvabilityBeta.Rd:21-29: Only 6 columns allowed in this table (row 6 has 5) checkRd: (-1) evolvabilityBetaMCMC.Rd:27-42: Only 6 columns allowed in this table (row 1 has 5) checkRd: (-1) evolvabilityBetaMCMC.Rd:27-42: Only 6 columns allowed in this table (row 2 has 5) checkRd: (-1) evolvabilityBetaMCMC.Rd:27-42: Only 6 columns allowed in this table (row 3 has 5) checkRd: (-1) evolvabilityBetaMCMC.Rd:27-42: Only 6 columns allowed in this table (row 4 has 5) checkRd: (-1) evolvabilityBetaMCMC.Rd:27-42: Only 6 columns allowed in this table (row 5 has 5) checkRd: (-1) evolvabilityBetaMCMC.Rd:27-42: Only 6 columns allowed in this table (row 6 has 5) checkRd: (-1) evolvabilityBetaMCMC.Rd:27-42: Only 6 columns allowed in this table (row 7 has 5) checkRd: (-1) evolvabilityBetaMCMC.Rd:27-42: Only 6 columns allowed in this table (row 8 has 5) checkRd: (-1) evolvabilityBetaMCMC2.Rd:23-30: Only 6 columns allowed in this table (row 1 has 5) checkRd: (-1) evolvabilityBetaMCMC2.Rd:23-30: Only 6 columns allowed in this table (row 2 has 5) checkRd: (-1) evolvabilityBetaMCMC2.Rd:23-30: Only 6 columns allowed in this table (row 3 has 5) checkRd: (-1) evolvabilityMeans.Rd:16-24: Only 6 columns allowed in this table (row 1 has 5) checkRd: (-1) evolvabilityMeans.Rd:16-24: Only 6 columns allowed in this table (row 2 has 5) checkRd: (-1) evolvabilityMeans.Rd:16-24: Only 6 columns allowed in this table (row 3 has 5) checkRd: (-1) evolvabilityMeans.Rd:16-24: Only 6 columns allowed in this table (row 4 has 5) checkRd: (-1) evolvabilityMeans.Rd:16-24: Only 6 columns allowed in this table (row 5 has 5) checkRd: (-1) evolvabilityMeans.Rd:16-24: Only 6 columns allowed in this table (row 6 has 5) checkRd: (-1) evolvabilityMeans.Rd:16-24: Only 6 columns allowed in this table (row 7 has 5) checkRd: (-1) evolvabilityMeansMCMC.Rd:21-26: Only 6 columns allowed in this table (row 1 has 5) checkRd: (-1) evolvabilityMeansMCMC.Rd:21-26: Only 6 columns allowed in this table (row 2 has 5) checkRd: (-1) rate_gls.Rd:61-88: Only 6 columns allowed in this table (row 1 has 5) checkRd: (-1) rate_gls.Rd:61-88: Only 6 columns allowed in this table (row 2 has 5) checkRd: (-1) rate_gls.Rd:61-88: Only 6 columns allowed in this table (row 3 has 5) checkRd: (-1) rate_gls.Rd:61-88: Only 6 columns allowed in this table (row 4 has 5) checkRd: (-1) rate_gls.Rd:61-88: Only 6 columns allowed in this table (row 5 has 5) checkRd: (-1) rate_gls.Rd:61-88: Only 6 columns allowed in this table (row 6 has 5) checkRd: (-1) rate_gls.Rd:61-88: Only 6 columns allowed in this table (row 7 has 5) checkRd: (-1) rate_gls.Rd:61-88: Only 6 columns allowed in this table (row 8 has 5) checkRd: (-1) rate_gls.Rd:61-88: Only 6 columns allowed in this table (row 9 has 5) checkRd: (-1) rate_gls.Rd:61-88: Only 6 columns allowed in this table (row 10 has 5) checkRd: (-1) rate_gls.Rd:61-88: Only 6 columns allowed in this table (row 11 has 5) checkRd: (-1) rate_gls.Rd:61-88: Only 6 columns allowed in this table (row 12 has 5) checkRd: (-1) rate_gls.Rd:61-88: Only 6 columns allowed in this table (row 13 has 5) checkRd: (-1) rate_gls_sim.Rd:16-21: Only 6 columns allowed in this table (row 1 has 5) checkRd: (-1) rate_gls_sim.Rd:16-21: Only 6 columns allowed in this table (row 2 has 5) checkRd: (-1) rate_gls_sim.Rd:16-21: Only 6 columns allowed in this table (row 3 has 5) checkRd: (-1) responsediffBeta.Rd:26-29: Only 6 columns allowed in this table (row 1 has 5) checkRd: (-1) responsediffBeta.Rd:26-29: Only 6 columns allowed in this table (row 2 has 5) checkRd: (-1) simulate_rate.Rd:43-48: Only 6 columns allowed in this table (row 1 has 5) checkRd: (-1) simulate_rate.Rd:43-48: Only 6 columns allowed in this table (row 2 has 5) checkRd: (-1) simulate_rate.Rd:43-48: Only 6 columns allowed in this table (row 3 has 5) checkRd: (-1) summary.evolvabilityBeta.Rd:16-23: Only 6 columns allowed in this table (row 1 has 5) checkRd: (-1) summary.evolvabilityBeta.Rd:16-23: Only 6 columns allowed in this table (row 2 has 5) checkRd: (-1) summary.evolvabilityBeta.Rd:16-23: Only 6 columns allowed in this table (row 3 has 5) checkRd: (-1) summary.evolvabilityBetaMCMC.Rd:17-24: Only 6 columns allowed in this table (row 1 has 5) checkRd: (-1) summary.evolvabilityBetaMCMC.Rd:17-24: Only 6 columns allowed in this table (row 2 has 5) checkRd: (-1) summary.evolvabilityBetaMCMC.Rd:17-24: Only 6 columns allowed in this table (row 3 has 5) checkRd: (-1) summary.responsediffBeta.Rd:16-23: Only 6 columns allowed in this table (row 1 has 5) checkRd: (-1) summary.responsediffBeta.Rd:16-23: Only 6 columns allowed in this table (row 2 has 5) checkRd: (-1) summary.responsediffBeta.Rd:16-23: Only 6 columns allowed in this table (row 3 has 5) Flavor: r-devel-windows-x86_64