Last updated on 2025-07-15 10:48:29 CEST.
Flavor | Version | Tinstall | Tcheck | Ttotal | Status | Flags |
---|---|---|---|---|---|---|
r-devel-linux-x86_64-debian-clang | 0.1.2 | 2.72 | 30.98 | 33.70 | OK | |
r-devel-linux-x86_64-debian-gcc | 0.1.2 | 2.03 | 24.94 | 26.97 | OK | |
r-devel-linux-x86_64-fedora-clang | 0.1.2 | 54.68 | OK | |||
r-devel-linux-x86_64-fedora-gcc | 0.1.2 | 49.07 | OK | |||
r-devel-windows-x86_64 | 0.1.2 | 5.00 | 56.00 | 61.00 | OK | |
r-patched-linux-x86_64 | 0.1.2 | 2.79 | 28.24 | 31.03 | OK | |
r-release-linux-x86_64 | 0.1.2 | 2.69 | 28.06 | 30.75 | OK | |
r-release-macos-arm64 | 0.1.2 | 21.00 | OK | |||
r-release-macos-x86_64 | 0.1.2 | 36.00 | OK | |||
r-release-windows-x86_64 | 0.1.2 | 4.00 | 60.00 | 64.00 | OK | |
r-oldrel-macos-arm64 | 0.1.2 | 21.00 | NOTE | |||
r-oldrel-macos-x86_64 | 0.1.2 | 36.00 | NOTE | |||
r-oldrel-windows-x86_64 | 0.1.2 | 5.00 | 60.00 | 65.00 | NOTE |
Version: 0.1.2
Check: LazyData
Result: NOTE
'LazyData' is specified without a 'data' directory
Flavors: r-oldrel-macos-arm64, r-oldrel-macos-x86_64, r-oldrel-windows-x86_64