Last updated on 2025-10-31 09:50:32 CET.
| Flavor | Version | Tinstall | Tcheck | Ttotal | Status | Flags | 
|---|---|---|---|---|---|---|
| r-devel-linux-x86_64-debian-clang | 0.4.2 | 102.28 | 79.27 | 181.55 | OK | |
| r-devel-linux-x86_64-debian-gcc | 0.4.2 | 62.37 | 59.20 | 121.57 | OK | |
| r-devel-linux-x86_64-fedora-clang | 0.4.2 | 130.00 | 201.98 | 331.98 | OK | |
| r-devel-linux-x86_64-fedora-gcc | 0.4.2 | 169.00 | 143.57 | 312.57 | OK | |
| r-devel-windows-x86_64 | 0.4.2 | 113.00 | 110.00 | 223.00 | OK | |
| r-patched-linux-x86_64 | 0.4.2 | 98.93 | 74.08 | 173.01 | OK | |
| r-release-linux-x86_64 | 0.4.2 | 96.60 | 74.00 | 170.60 | OK | |
| r-release-macos-arm64 | 0.4.2 | 36.00 | 45.00 | 81.00 | OK | |
| r-release-macos-x86_64 | 0.4.2 | 49.00 | 94.00 | 143.00 | OK | |
| r-release-windows-x86_64 | 0.4.2 | 117.00 | 114.00 | 231.00 | OK | |
| r-oldrel-macos-arm64 | 0.4.2 | 28.00 | 48.00 | 76.00 | NOTE | |
| r-oldrel-macos-x86_64 | 0.4.2 | 32.00 | 87.00 | 119.00 | NOTE | |
| r-oldrel-windows-x86_64 | 0.4.2 | 132.00 | 142.00 | 274.00 | OK | 
Version: 0.4.2
Check: installed package size
Result: NOTE
    installed size is  5.7Mb
    sub-directories of 1Mb or more:
      libs   5.4Mb
Flavors: r-oldrel-macos-arm64, r-oldrel-macos-x86_64