Last updated on 2025-11-25 10:50:26 CET.
| Flavor | Version | Tinstall | Tcheck | Ttotal | Status | Flags |
|---|---|---|---|---|---|---|
| r-devel-linux-x86_64-debian-clang | 0.1.0 | 3.46 | 48.25 | 51.71 | OK | |
| r-devel-linux-x86_64-debian-gcc | 0.1.0 | 2.46 | 36.79 | 39.25 | OK | |
| r-devel-linux-x86_64-fedora-clang | 0.1.0 | 83.37 | OK | |||
| r-devel-linux-x86_64-fedora-gcc | 0.1.0 | 10.00 | 87.61 | 97.61 | ERROR | |
| r-devel-windows-x86_64 | 0.1.0 | 8.00 | 69.00 | 77.00 | OK | |
| r-patched-linux-x86_64 | 0.1.0 | 2.87 | 46.10 | 48.97 | OK | |
| r-release-linux-x86_64 | 0.1.0 | 3.33 | 45.86 | 49.19 | OK | |
| r-release-macos-arm64 | 0.1.0 | OK | ||||
| r-release-macos-x86_64 | 0.1.0 | 3.00 | 165.00 | 168.00 | OK | |
| r-release-windows-x86_64 | 0.1.0 | 5.00 | 70.00 | 75.00 | OK | |
| r-oldrel-macos-arm64 | 0.1.0 | OK | ||||
| r-oldrel-macos-x86_64 | 0.1.0 | 2.00 | 118.00 | 120.00 | OK | |
| r-oldrel-windows-x86_64 | 0.1.0 | 6.00 | 84.00 | 90.00 | OK |
Version: 0.1.0
Check: re-building of vignette outputs
Result: ERROR
Error(s) in re-building vignettes:
--- re-building ‘shifting_borders.Rmd’ using knitr
Quitting from shifting_borders.Rmd:25-32 [setup]
~~~~~~~~~~~~~~~~~~~~~~~~~~~~~~~~~~~~~~~~~~~~~~~~~~~~~~~~~~~~~~~~~~~~~~~~~~~~~~~~
<error/rlang_error>
Error in `library()`:
! there is no package called 'tmap'
---
Backtrace:
▆
1. └─base::library(tmap)
~~~~~~~~~~~~~~~~~~~~~~~~~~~~~~~~~~~~~~~~~~~~~~~~~~~~~~~~~~~~~~~~~~~~~~~~~~~~~~~~
Error: processing vignette 'shifting_borders.Rmd' failed with diagnostics:
there is no package called 'tmap'
--- failed re-building ‘shifting_borders.Rmd’
--- re-building ‘spatialrdd_vignette.Rmd’ using knitr
Quitting from spatialrdd_vignette.Rmd:110-117 [unnamed-chunk-6]
~~~~~~~~~~~~~~~~~~~~~~~~~~~~~~~~~~~~~~~~~~~~~~~~~~~~~~~~~~~~~~~~~~~~~~~~~~~~~~~~
<error/rlang_error>
Error in `library()`:
! there is no package called 'tmap'
---
Backtrace:
▆
1. └─base::library(tmap)
~~~~~~~~~~~~~~~~~~~~~~~~~~~~~~~~~~~~~~~~~~~~~~~~~~~~~~~~~~~~~~~~~~~~~~~~~~~~~~~~
Error: processing vignette 'spatialrdd_vignette.Rmd' failed with diagnostics:
there is no package called 'tmap'
--- failed re-building ‘spatialrdd_vignette.Rmd’
SUMMARY: processing the following files failed:
‘shifting_borders.Rmd’ ‘spatialrdd_vignette.Rmd’
Error: Vignette re-building failed.
Execution halted
Flavor: r-devel-linux-x86_64-fedora-gcc