Last updated on 2025-11-26 09:51:28 CET.
| Flavor | Version | Tinstall | Tcheck | Ttotal | Status | Flags |
|---|---|---|---|---|---|---|
| r-devel-linux-x86_64-debian-clang | 1.2.2 | 11.30 | 28.13 | 39.43 | OK | |
| r-devel-linux-x86_64-debian-gcc | 1.2.2 | 10.69 | 22.41 | 33.10 | OK | |
| r-devel-linux-x86_64-fedora-clang | 1.2.2 | 28.00 | 33.89 | 61.89 | OK | |
| r-devel-linux-x86_64-fedora-gcc | 1.2.2 | 24.00 | 35.15 | 59.15 | OK | |
| r-devel-windows-x86_64 | 1.2.2 | 21.00 | 48.00 | 69.00 | OK | |
| r-patched-linux-x86_64 | 1.2.2 | 12.18 | 26.54 | 38.72 | OK | |
| r-release-linux-x86_64 | 1.2.2 | 10.77 | 26.56 | 37.33 | OK | |
| r-release-macos-arm64 | 1.2.2 | OK | ||||
| r-release-macos-x86_64 | 1.2.2 | 17.00 | 30.00 | 47.00 | OK | |
| r-release-windows-x86_64 | 1.2.2 | 22.00 | 40.00 | 62.00 | OK | |
| r-oldrel-macos-arm64 | 1.2.2 | NOTE | ||||
| r-oldrel-macos-x86_64 | 1.2.2 | 18.00 | 38.00 | 56.00 | NOTE | |
| r-oldrel-windows-x86_64 | 1.2.2 | 30.00 | 43.00 | 73.00 | NOTE |
Version: 1.2.2
Check: installed package size
Result: NOTE
installed size is 11.5Mb
sub-directories of 1Mb or more:
R 11.4Mb
Flavors: r-oldrel-macos-arm64, r-oldrel-macos-x86_64, r-oldrel-windows-x86_64