Last updated on 2025-11-09 09:48:51 CET.
| Flavor | Version | Tinstall | Tcheck | Ttotal | Status | Flags |
|---|---|---|---|---|---|---|
| r-devel-linux-x86_64-debian-clang | 0.0.23 | 62.69 | 32.12 | 94.81 | OK | |
| r-devel-linux-x86_64-debian-gcc | 0.0.23 | 49.33 | 26.13 | 75.46 | OK | |
| r-devel-linux-x86_64-fedora-clang | 0.0.23 | 78.00 | 51.81 | 129.81 | OK | |
| r-devel-linux-x86_64-fedora-gcc | 0.0.23 | 83.00 | 101.64 | 184.64 | OK | |
| r-devel-windows-x86_64 | 0.0.23 | 67.00 | 84.00 | 151.00 | OK | |
| r-patched-linux-x86_64 | 0.0.23 | 66.72 | 29.20 | 95.92 | OK | |
| r-release-linux-x86_64 | 0.0.23 | 66.13 | 28.69 | 94.82 | OK | |
| r-release-macos-arm64 | 0.0.23 | 25.00 | 69.00 | 94.00 | OK | |
| r-release-macos-x86_64 | 0.0.23 | 32.00 | 104.00 | 136.00 | OK | |
| r-release-windows-x86_64 | 0.0.23 | 72.00 | 84.00 | 156.00 | OK | |
| r-oldrel-macos-arm64 | 0.0.23 | 26.00 | 73.00 | 99.00 | NOTE | |
| r-oldrel-macos-x86_64 | 0.0.23 | 38.00 | 94.00 | 132.00 | NOTE | |
| r-oldrel-windows-x86_64 | 0.0.23 | 74.00 | 120.00 | 194.00 | OK |
Version: 0.0.23
Check: installed package size
Result: NOTE
installed size is 7.0Mb
sub-directories of 1Mb or more:
include 1.2Mb
libs 5.5Mb
Flavors: r-oldrel-macos-arm64, r-oldrel-macos-x86_64