Last updated on 2025-07-23 10:50:27 CEST.
Flavor | Version | Tinstall | Tcheck | Ttotal | Status | Flags |
---|---|---|---|---|---|---|
r-devel-linux-x86_64-debian-clang | 0.3.13 | 13.71 | 31.65 | 45.36 | NOTE | |
r-devel-linux-x86_64-debian-gcc | 0.3.13 | 10.58 | 25.89 | 36.47 | NOTE | |
r-devel-linux-x86_64-fedora-clang | 0.3.13 | 80.22 | OK | |||
r-devel-linux-x86_64-fedora-gcc | 0.3.13 | 85.46 | OK | |||
r-devel-windows-x86_64 | 0.3.13 | 18.00 | 94.00 | 112.00 | OK | |
r-patched-linux-x86_64 | 0.3.13 | 13.54 | 29.86 | 43.40 | OK | |
r-release-linux-x86_64 | 0.3.13 | 13.61 | 29.83 | 43.44 | OK | |
r-release-macos-arm64 | 0.3.13 | 46.00 | OK | |||
r-release-macos-x86_64 | 0.3.13 | 97.00 | OK | |||
r-release-windows-x86_64 | 0.3.13 | 19.00 | 106.00 | 125.00 | OK | |
r-oldrel-macos-arm64 | 0.3.13 | 53.00 | OK | |||
r-oldrel-macos-x86_64 | 0.3.13 | 66.00 | OK | |||
r-oldrel-windows-x86_64 | 0.3.13 | 19.00 | 146.00 | 165.00 | OK |
Version: 0.3.13
Check: CRAN incoming feasibility
Result: NOTE
Maintainer: ‘Dirk Eddelbuettel <edd@debian.org>’
No Authors@R field in DESCRIPTION.
Please add one, modifying
Authors@R: c(person(given = "Dirk",
family = "Eddelbuettel",
role = c("aut", "cre"),
email = "edd@debian.org"),
person(given = "Romain",
family = "Francois",
role = "aut"))
as necessary.
Flavors: r-devel-linux-x86_64-debian-clang, r-devel-linux-x86_64-debian-gcc