Last updated on 2025-11-04 10:53:41 CET.
| Flavor | Version | Tinstall | Tcheck | Ttotal | Status | Flags | 
|---|---|---|---|---|---|---|
| r-devel-linux-x86_64-debian-clang | 1.0.1 | 74.14 | 139.68 | 213.82 | OK | |
| r-devel-linux-x86_64-debian-gcc | 1.0.1 | 46.60 | 91.16 | 137.76 | OK | |
| r-devel-linux-x86_64-fedora-clang | 1.0.1 | 164.00 | 196.10 | 360.10 | OK | |
| r-devel-linux-x86_64-fedora-gcc | 1.0.1 | 125.00 | 208.52 | 333.52 | OK | |
| r-devel-windows-x86_64 | 1.0.1 | 131.00 | 189.00 | 320.00 | OK | |
| r-patched-linux-x86_64 | 1.0.1 | 71.63 | 133.71 | 205.34 | OK | |
| r-release-linux-x86_64 | 1.0.1 | 69.65 | 133.97 | 203.62 | OK | |
| r-release-macos-arm64 | 1.0.1 | 18.00 | 65.00 | 83.00 | OK | |
| r-release-macos-x86_64 | 1.0.1 | 38.00 | 156.00 | 194.00 | OK | |
| r-release-windows-x86_64 | 1.0.1 | 125.00 | 190.00 | 315.00 | OK | |
| r-oldrel-macos-arm64 | 1.0.1 | 18.00 | 61.00 | 79.00 | NOTE | |
| r-oldrel-macos-x86_64 | 1.0.1 | 23.00 | 100.00 | 123.00 | NOTE | |
| r-oldrel-windows-x86_64 | 1.0.1 | 147.00 | 225.00 | 372.00 | NOTE | 
Version: 1.0.1
Check: installed package size
Result: NOTE
    installed size is 39.7Mb
    sub-directories of 1Mb or more:
      include  37.8Mb
      libs      1.8Mb
Flavors: r-oldrel-macos-arm64, r-oldrel-macos-x86_64, r-oldrel-windows-x86_64