Last updated on 2025-11-20 11:51:23 CET.
| Flavor | Version | Tinstall | Tcheck | Ttotal | Status | Flags |
|---|---|---|---|---|---|---|
| r-devel-linux-x86_64-debian-clang | 1.0.0 | 2.05 | 27.85 | 29.90 | NOTE | |
| r-devel-linux-x86_64-debian-gcc | 1.0.0 | 1.81 | 22.67 | 24.48 | NOTE | |
| r-devel-linux-x86_64-fedora-clang | 1.0.0 | 44.40 | NOTE | |||
| r-devel-linux-x86_64-fedora-gcc | 1.0.0 | 42.09 | NOTE | |||
| r-devel-windows-x86_64 | 1.0.0 | 5.00 | 43.00 | 48.00 | NOTE | |
| r-patched-linux-x86_64 | 1.0.0 | 2.54 | 25.17 | 27.71 | NOTE | |
| r-release-linux-x86_64 | 1.0.0 | 2.34 | 25.61 | 27.95 | NOTE | |
| r-release-macos-arm64 | 1.0.0 | NOTE | ||||
| r-release-macos-x86_64 | 1.0.0 | 2.00 | 27.00 | 29.00 | NOTE | |
| r-release-windows-x86_64 | 1.0.0 | 3.00 | 44.00 | 47.00 | NOTE | |
| r-oldrel-macos-arm64 | 1.0.0 | NOTE | ||||
| r-oldrel-macos-x86_64 | 1.0.0 | 2.00 | 22.00 | 24.00 | NOTE | |
| r-oldrel-windows-x86_64 | 1.0.0 | 4.00 | 51.00 | 55.00 | NOTE |
Version: 1.0.0
Check: package subdirectories
Result: NOTE
Problems with news in ‘NEWS.md’:
No news entries found.
Flavors: r-devel-linux-x86_64-debian-clang, r-devel-linux-x86_64-debian-gcc, r-devel-linux-x86_64-fedora-clang, r-devel-linux-x86_64-fedora-gcc, r-devel-windows-x86_64, r-patched-linux-x86_64, r-release-linux-x86_64, r-release-macos-arm64, r-release-macos-x86_64, r-release-windows-x86_64, r-oldrel-macos-arm64, r-oldrel-macos-x86_64, r-oldrel-windows-x86_64