Last updated on 2025-10-30 09:50:00 CET.
| Flavor | Version | Tinstall | Tcheck | Ttotal | Status | Flags | 
|---|---|---|---|---|---|---|
| r-devel-linux-x86_64-debian-clang | 3.4-10 | 12.43 | 104.32 | 116.75 | NOTE | |
| r-devel-linux-x86_64-debian-gcc | 3.4-10 | 9.69 | 71.90 | 81.59 | NOTE | |
| r-devel-linux-x86_64-fedora-clang | 3.4-10 | 34.00 | 147.79 | 181.79 | NOTE | |
| r-devel-linux-x86_64-fedora-gcc | 3.4-10 | 30.00 | 144.40 | 174.40 | NOTE | |
| r-devel-windows-x86_64 | 3.4-10 | 15.00 | 132.00 | 147.00 | NOTE | |
| r-patched-linux-x86_64 | 3.4-10 | 14.52 | 98.61 | 113.13 | NOTE | |
| r-release-linux-x86_64 | 3.4-10 | 13.95 | 99.02 | 112.97 | NOTE | |
| r-release-macos-arm64 | 3.4-10 | 6.00 | 45.00 | 51.00 | NOTE | |
| r-release-macos-x86_64 | 3.4-10 | 11.00 | 101.00 | 112.00 | NOTE | |
| r-release-windows-x86_64 | 3.4-10 | 17.00 | 133.00 | 150.00 | NOTE | |
| r-oldrel-macos-arm64 | 3.4-10 | 6.00 | 40.00 | 46.00 | NOTE | |
| r-oldrel-macos-x86_64 | 3.4-10 | 9.00 | 61.00 | 70.00 | NOTE | |
| r-oldrel-windows-x86_64 | 3.4-10 | 22.00 | 159.00 | 181.00 | NOTE | 
Version: 3.4-10
Check: Rd files
Result: NOTE
  checkRd: (-1) PKAM.Rd:19: Lost braces
      19 | item{Paz}{P-axis azimuth angle}
         |     ^
  checkRd: (-1) PKAM.Rd:19: Lost braces
      19 | item{Paz}{P-axis azimuth angle}
         |          ^
  checkRd: (-1) PKAM.Rd:20: Lost braces
      20 | item{Pdip}{P-axis dip angle}
         |     ^
  checkRd: (-1) PKAM.Rd:20: Lost braces
      20 | item{Pdip}{P-axis dip angle}
         |           ^
  checkRd: (-1) PKAM.Rd:21: Lost braces
      21 | item{Taz}{T-axis  azimuth angle}
         |     ^
  checkRd: (-1) PKAM.Rd:21: Lost braces
      21 | item{Taz}{T-axis  azimuth angle}
         |          ^
  checkRd: (-1) PKAM.Rd:22: Lost braces
      22 | item{Tdip}{T-axis dip angle}
         |     ^
  checkRd: (-1) PKAM.Rd:22: Lost braces
      22 | item{Tdip}{T-axis dip angle}
         |           ^
  checkRd: (-1) PKAM.Rd:23: Lost braces
      23 | item{h}{horizontal point to plot on ternary plot }
         |     ^
  checkRd: (-1) PKAM.Rd:23: Lost braces
      23 | item{h}{horizontal point to plot on ternary plot }
         |        ^
  checkRd: (-1) PKAM.Rd:24: Lost braces
      24 | item{v}{vertical point to plot on ternary plot }
         |     ^
  checkRd: (-1) PKAM.Rd:24: Lost braces
      24 | item{v}{vertical point to plot on ternary plot }
         |        ^
  checkRd: (-1) PKAM.Rd:25: Lost braces
      25 | item{fcols}{colors, not used}
         |     ^
  checkRd: (-1) PKAM.Rd:25: Lost braces
      25 | item{fcols}{colors, not used}
         |            ^
  checkRd: (-1) PKAM.Rd:26: Lost braces
      26 | item{LATS}{Latitude}
         |     ^
  checkRd: (-1) PKAM.Rd:26: Lost braces
      26 | item{LATS}{Latitude}
         |           ^
  checkRd: (-1) PKAM.Rd:27: Lost braces
      27 | item{LONS}{Longitude}
         |     ^
  checkRd: (-1) PKAM.Rd:27: Lost braces
      27 | item{LONS}{Longitude}
         |           ^
  checkRd: (-1) PKAM.Rd:28: Lost braces
      28 | item{IFcol}{integer pointer to internal color}
         |     ^
  checkRd: (-1) PKAM.Rd:28: Lost braces
      28 | item{IFcol}{integer pointer to internal color}
         |            ^
  checkRd: (-1) PKAM.Rd:29: Lost braces
      29 | item{yr}{year, not used}
         |     ^
  checkRd: (-1) PKAM.Rd:29: Lost braces
      29 | item{yr}{year, not used}
         |         ^
  checkRd: (-1) PKAM.Rd:30: Lost braces
      30 | item{JDHM}{Julian Day, hour, minute, not used}
         |     ^
  checkRd: (-1) PKAM.Rd:30: Lost braces
      30 | item{JDHM}{Julian Day, hour, minute, not used}
         |           ^
  checkRd: (-1) PKAM.Rd:31: Lost braces
      31 | item{JDHMS}{Julian Day, hour, minute, seconds}
         |     ^
  checkRd: (-1) PKAM.Rd:31: Lost braces
      31 | item{JDHMS}{Julian Day, hour, minute, seconds}
         |            ^
Flavors: r-devel-linux-x86_64-debian-clang, r-devel-linux-x86_64-debian-gcc, r-devel-linux-x86_64-fedora-clang, r-devel-linux-x86_64-fedora-gcc, r-devel-windows-x86_64, r-patched-linux-x86_64, r-release-linux-x86_64, r-release-macos-arm64, r-release-macos-x86_64, r-release-windows-x86_64, r-oldrel-macos-arm64, r-oldrel-macos-x86_64, r-oldrel-windows-x86_64
Version: 3.4-10
Check: for unstated dependencies in ‘demo’
Result: NOTE
  'library' or 'require' calls not declared from:
    ‘rpanel’ ‘tkrplot’
Flavors: r-devel-linux-x86_64-debian-clang, r-devel-linux-x86_64-debian-gcc, r-patched-linux-x86_64, r-release-linux-x86_64