Last updated on 2025-07-08 10:51:28 CEST.
Flavor | Version | Tinstall | Tcheck | Ttotal | Status | Flags |
---|---|---|---|---|---|---|
r-devel-linux-x86_64-debian-clang | 1.1-0 | 1.64 | 22.73 | 24.37 | NOTE | |
r-devel-linux-x86_64-debian-gcc | 1.1-0 | 1.36 | 18.85 | 20.21 | NOTE | |
r-devel-linux-x86_64-fedora-clang | 1.1-0 | 38.30 | OK | |||
r-devel-linux-x86_64-fedora-gcc | 1.1-0 | 49.86 | OK | |||
r-devel-windows-x86_64 | 1.1-0 | 4.00 | 53.00 | 57.00 | OK | |
r-patched-linux-x86_64 | 1.1-0 | 1.63 | 21.60 | 23.23 | OK | |
r-release-linux-x86_64 | 1.1-0 | 1.47 | 21.41 | 22.88 | OK | |
r-release-macos-arm64 | 1.1-0 | 25.00 | OK | |||
r-release-macos-x86_64 | 1.1-0 | 46.00 | OK | |||
r-release-windows-x86_64 | 1.1-0 | 3.00 | 0.00 | 3.00 | FAIL | |
r-oldrel-macos-arm64 | 1.1-0 | 28.00 | NOTE | |||
r-oldrel-macos-x86_64 | 1.1-0 | 59.00 | NOTE | |||
r-oldrel-windows-x86_64 | 1.1-0 | 4.00 | 54.00 | 58.00 | NOTE |
Version: 1.1-0
Check: CRAN incoming feasibility
Result: NOTE
Maintainer: ‘Kornelius Rohmeyer <rohmeyer@small-projects.de>’
No Authors@R field in DESCRIPTION.
Please add one, modifying
Authors@R: c(person(given = "Kornelius",
family = "Rohmeyer",
role = c("aut", "cre"),
email = "rohmeyer@small-projects.de",
comment = c(ROR = "R package")),
person(given = c("see", "COPYRIGHTS", "file", "for", "the", "authors", "of", "the", "java"),
family = "libraries",
role = "aut"))
as necessary.
Flavors: r-devel-linux-x86_64-debian-clang, r-devel-linux-x86_64-debian-gcc
Version: 1.1-0
Check: PDF version of manual
Result: FAIL
Check process probably crashed or hung up for 20 minutes ... killed
Most likely this happened in the example checks (?),
if not, ignore the following last lines of example output:
> ### ** Examples
>
>
> ## Not run:
> ##D jars <- c("commons-collections", "commons-lang", "commons-logging",
> ##D "commons-validator", "forms", "iText", "jhlir.jar",
> ##D "jlatexmath", "jxlayer", "log4j", "swing-worker")
> ##D
> ##D fullNames <- loadJars(jars)
> ##D
> ##D fullNames
> ## End(Not run)
>
>
>
> ### * <FOOTER>
> ###
> cleanEx()
> options(digits = 7L)
> base::cat("Time elapsed: ", proc.time() - base::get("ptime", pos = 'CheckExEnv'),"\n")
Time elapsed: 0.26 0.02 0.28 NA NA
> grDevices::dev.off()
null device
1
> ###
> ### Local variables: ***
> ### mode: outline-minor ***
> ### outline-regexp: "\\(> \\)?### [*]+" ***
> ### End: ***
> quit('no')
======== End of example output (where/before crash/hang up occured ?) ========
Flavor: r-release-windows-x86_64
Version: 1.1-0
Check: installed package size
Result: NOTE
installed size is 7.0Mb
sub-directories of 1Mb or more:
java 6.7Mb
Flavors: r-oldrel-macos-arm64, r-oldrel-macos-x86_64, r-oldrel-windows-x86_64